[INFO] cloning repository https://github.com/DanElbert/pi-b-q-rust
[INFO] running `Command { std: "git" "-c" "credential.helper=" "-c" "credential.helper=/workspace/cargo-home/bin/git-credential-null" "clone" "--bare" "https://github.com/DanElbert/pi-b-q-rust" "/workspace/cache/git-repos/https%3A%2F%2Fgithub.com%2FDanElbert%2Fpi-b-q-rust", kill_on_drop: false }`
[INFO] [stderr] Cloning into bare repository '/workspace/cache/git-repos/https%3A%2F%2Fgithub.com%2FDanElbert%2Fpi-b-q-rust'...
[INFO] running `Command { std: "git" "rev-parse" "HEAD", kill_on_drop: false }`
[INFO] [stdout] 64cabef52bbd405b76b9b8963e2f5d2a036f8a42
[INFO] checking DanElbert/pi-b-q-rust against try#72f88fc4e9458f89516a0b8b0868f3718aec5b47 for pr-74989
[INFO] running `Command { std: "git" "clone" "/workspace/cache/git-repos/https%3A%2F%2Fgithub.com%2FDanElbert%2Fpi-b-q-rust" "/workspace/builds/worker-6/source", kill_on_drop: false }`
[INFO] [stderr] Cloning into '/workspace/builds/worker-6/source'...
[INFO] [stderr] done.
[INFO] validating manifest of git repo https://github.com/DanElbert/pi-b-q-rust on toolchain 72f88fc4e9458f89516a0b8b0868f3718aec5b47
[INFO] running `Command { std: "/workspace/cargo-home/bin/cargo" "+72f88fc4e9458f89516a0b8b0868f3718aec5b47" "read-manifest" "--manifest-path" "Cargo.toml", kill_on_drop: false }`
[INFO] started tweaking git repo https://github.com/DanElbert/pi-b-q-rust
[INFO] finished tweaking git repo https://github.com/DanElbert/pi-b-q-rust
[INFO] tweaked toml for git repo https://github.com/DanElbert/pi-b-q-rust written to /workspace/builds/worker-6/source/Cargo.toml
[INFO] crate git repo https://github.com/DanElbert/pi-b-q-rust already has a lockfile, it will not be regenerated
[INFO] running `Command { std: "/workspace/cargo-home/bin/cargo" "+72f88fc4e9458f89516a0b8b0868f3718aec5b47" "fetch" "--locked" "--manifest-path" "Cargo.toml", kill_on_drop: false }`
[INFO] [stderr] error: the lock file /workspace/builds/worker-6/source/Cargo.lock needs to be updated but --locked was passed to prevent this
[INFO] [stderr] If you want to try to generate the lock file without accessing the network, use the --offline flag.
[INFO] the lockfile is outdated, regenerating it
[INFO] running `Command { std: "/workspace/cargo-home/bin/cargo" "+72f88fc4e9458f89516a0b8b0868f3718aec5b47" "generate-lockfile" "--manifest-path" "Cargo.toml" "-Zno-index-update", kill_on_drop: false }`
[INFO] running `Command { std: "/workspace/cargo-home/bin/cargo" "+72f88fc4e9458f89516a0b8b0868f3718aec5b47" "fetch" "--locked" "--manifest-path" "Cargo.toml", kill_on_drop: false }`
[INFO] [stderr]  Downloading crates ...
[INFO] [stderr]   Downloaded linked-hash-map v0.0.9
[INFO] [stderr]   Downloaded lru-cache v0.0.7
[INFO] [stderr]   Downloaded rusqlite v0.7.4
[INFO] [stderr]   Downloaded libsqlite3-sys v0.5.0
[INFO] [stderr]   Downloaded handlebars v0.20.5
[INFO] [stderr]   Downloaded handlebars-iron v0.18.0
[INFO] [stderr]   Downloaded logger v0.1.0
[INFO] running `Command { std: "docker" "create" "-v" "/var/lib/crater-agent-workspace/builds/worker-6/target:/opt/rustwide/target:rw,Z" "-v" "/var/lib/crater-agent-workspace/builds/worker-6/source:/opt/rustwide/workdir:ro,Z" "-v" "/var/lib/crater-agent-workspace/cargo-home:/opt/rustwide/cargo-home:ro,Z" "-v" "/var/lib/crater-agent-workspace/rustup-home:/opt/rustwide/rustup-home:ro,Z" "-e" "SOURCE_DIR=/opt/rustwide/workdir" "-e" "CARGO_TARGET_DIR=/opt/rustwide/target" "-e" "CARGO_HOME=/opt/rustwide/cargo-home" "-e" "RUSTUP_HOME=/opt/rustwide/rustup-home" "-w" "/opt/rustwide/workdir" "-m" "1610612736" "--user" "0:0" "--network" "none" "rustops/crates-build-env@sha256:d92eaeed33fa75130ca1ee6c8a01d1ffb62bac859dfdfb3450e3e5d1c0146529" "/opt/rustwide/cargo-home/bin/cargo" "+72f88fc4e9458f89516a0b8b0868f3718aec5b47" "metadata" "--no-deps" "--format-version=1", kill_on_drop: false }`
[INFO] [stdout] 923836510e44827eeb92b120b09f803db4f40440fe0d68b166d93a247a97a8cd
[INFO] [stderr] WARNING: Your kernel does not support swap limit capabilities or the cgroup is not mounted. Memory limited without swap.
[INFO] running `Command { std: "docker" "start" "-a" "923836510e44827eeb92b120b09f803db4f40440fe0d68b166d93a247a97a8cd", kill_on_drop: false }`
[INFO] running `Command { std: "docker" "inspect" "923836510e44827eeb92b120b09f803db4f40440fe0d68b166d93a247a97a8cd", kill_on_drop: false }`
[INFO] running `Command { std: "docker" "rm" "-f" "923836510e44827eeb92b120b09f803db4f40440fe0d68b166d93a247a97a8cd", kill_on_drop: false }`
[INFO] [stdout] 923836510e44827eeb92b120b09f803db4f40440fe0d68b166d93a247a97a8cd
[INFO] running `Command { std: "docker" "create" "-v" "/var/lib/crater-agent-workspace/builds/worker-6/target:/opt/rustwide/target:rw,Z" "-v" "/var/lib/crater-agent-workspace/builds/worker-6/source:/opt/rustwide/workdir:ro,Z" "-v" "/var/lib/crater-agent-workspace/cargo-home:/opt/rustwide/cargo-home:ro,Z" "-v" "/var/lib/crater-agent-workspace/rustup-home:/opt/rustwide/rustup-home:ro,Z" "-e" "SOURCE_DIR=/opt/rustwide/workdir" "-e" "CARGO_TARGET_DIR=/opt/rustwide/target" "-e" "CARGO_INCREMENTAL=0" "-e" "RUST_BACKTRACE=full" "-e" "RUSTFLAGS=--cap-lints=forbid" "-e" "CARGO_HOME=/opt/rustwide/cargo-home" "-e" "RUSTUP_HOME=/opt/rustwide/rustup-home" "-w" "/opt/rustwide/workdir" "-m" "1610612736" "--user" "0:0" "--network" "none" "rustops/crates-build-env@sha256:d92eaeed33fa75130ca1ee6c8a01d1ffb62bac859dfdfb3450e3e5d1c0146529" "/opt/rustwide/cargo-home/bin/cargo" "+72f88fc4e9458f89516a0b8b0868f3718aec5b47" "check" "--frozen" "--all" "--all-targets" "--message-format=json", kill_on_drop: false }`
[INFO] [stderr] WARNING: Your kernel does not support swap limit capabilities or the cgroup is not mounted. Memory limited without swap.
[INFO] [stdout] d525c7d098989cfcbdbff3395d1c6f505e64ec7aa6e36627bf1392a2fd3e9d25
[INFO] running `Command { std: "docker" "start" "-a" "d525c7d098989cfcbdbff3395d1c6f505e64ec7aa6e36627bf1392a2fd3e9d25", kill_on_drop: false }`
[INFO] [stderr]    Compiling log v0.4.11
[INFO] [stderr]     Checking tinyvec v0.3.4
[INFO] [stderr]     Checking rustc-serialize v0.3.24
[INFO] [stderr]    Compiling winapi-build v0.1.1
[INFO] [stderr]     Checking typeable v0.1.2
[INFO] [stderr]     Checking traitobject v0.0.1
[INFO] [stderr]     Checking lazy_static v0.1.16
[INFO] [stderr]     Checking modifier v0.1.0
[INFO] [stderr]     Checking winapi v0.2.8
[INFO] [stderr]     Checking utf8-ranges v0.1.3
[INFO] [stderr]     Checking regex-syntax v0.3.9
[INFO] [stderr]     Checking linked-hash-map v0.0.9
[INFO] [stderr]    Compiling gcc v0.3.55
[INFO] [stderr]     Checking sequence_trie v0.0.13
[INFO] [stderr]     Checking pest v0.3.3
[INFO] [stderr]     Checking route-recognizer v0.1.13
[INFO] [stderr]     Checking bitflags v0.7.0
[INFO] [stderr]    Compiling num-integer v0.1.43
[INFO] [stderr]    Compiling num-iter v0.1.41
[INFO] [stderr]    Compiling libsqlite3-sys v0.5.0
[INFO] [stderr]     Checking error v0.1.9
[INFO] [stderr]     Checking time v0.1.44
[INFO] [stderr]     Checking num_cpus v1.13.0
[INFO] [stderr]     Checking num_cpus v0.2.13
[INFO] [stderr]     Checking memchr v0.1.11
[INFO] [stderr]     Checking parking_lot_core v0.8.0
[INFO] [stderr]     Checking termios v0.2.2
[INFO] [stderr]     Checking ioctl-rs v0.1.6
[INFO] [stderr]     Checking filetime v0.1.15
[INFO] [stderr]     Checking plugin v0.2.6
[INFO] [stderr]     Checking lru-cache v0.0.7
[INFO] [stderr]    Compiling kernel32-sys v0.2.2
[INFO] [stderr]     Checking aho-corasick v0.5.3
[INFO] [stderr]     Checking serial v0.3.4
[INFO] [stderr]     Checking unicode-normalization v0.1.13
[INFO] [stderr]     Checking parking_lot v0.11.0
[INFO] [stderr]     Checking thread-id v2.0.0
[INFO] [stderr]     Checking walkdir v0.1.8
[INFO] [stderr]     Checking log v0.3.9
[INFO] [stderr]     Checking thread_local v0.2.7
[INFO] [stderr]     Checking scheduled-thread-pool v0.2.5
[INFO] [stderr]     Checking hpack v0.2.0
[INFO] [stderr]     Checking mime v0.2.6
[INFO] [stderr]    Compiling pi-b-q-rust v0.1.0 (/opt/rustwide/workdir)
[INFO] [stdout] warning: use of deprecated type alias `gcc::Config`: gcc::Config has been renamed to gcc::Build
[INFO] [stdout]  --> build.rs:4:1
[INFO] [stdout]   |
[INFO] [stdout] 4 | gcc::Config::new()
[INFO] [stdout]   | ^^^^^^^^^^^^^^^^
[INFO] [stdout]   |
[INFO] [stdout]   = note: `#[warn(deprecated)]` on by default
[INFO] [stdout] 
[INFO] [stdout] 
[INFO] [stdout] warning: use of deprecated associated function `gcc::Build::new`: crate has been renamed to `cc`, the `gcc` name is not maintained
[INFO] [stdout]  --> build.rs:4:1
[INFO] [stdout]   |
[INFO] [stdout] 4 | gcc::Config::new()
[INFO] [stdout]   | ^^^^^^^^^^^^^^^^
[INFO] [stdout] 
[INFO] [stdout] 
[INFO] [stderr]     Checking r2d2 v0.8.9
[INFO] [stderr]     Checking num v0.1.42
[INFO] [stderr]     Checking solicit v0.4.4
[INFO] [stdout] warning: 2 warnings emitted
[INFO] [stdout] 
[INFO] [stdout] 
[INFO] [stderr]     Checking regex v0.1.80
[INFO] [stderr]     Checking idna v0.1.5
[INFO] [stderr]     Checking idna v0.2.0
[INFO] [stderr]     Checking url v2.1.1
[INFO] [stderr]     Checking url v1.7.2
[INFO] [stderr]     Checking conduit-mime-types v0.7.3
[INFO] [stderr]     Checking handlebars v0.20.5
[INFO] [stderr]     Checking chrono v0.2.25
[INFO] [stderr]     Checking cookie v0.2.5
[INFO] [stderr]     Checking hyper v0.9.18
[INFO] [stderr]     Checking rusqlite v0.7.4
[INFO] [stderr]     Checking iron v0.4.0
[INFO] [stderr]     Checking mount v0.2.1
[INFO] [stderr]     Checking logger v0.1.0
[INFO] [stderr]     Checking handlebars-iron v0.18.0
[INFO] [stderr]     Checking router v0.4.0
[INFO] [stderr]     Checking persistent v0.2.1
[INFO] [stderr]     Checking staticfile v0.3.1
[INFO] [stderr] warning: vendor/sqlite3/sqlite3.c: In function 'strftimeFunc':
[INFO] [stderr] warning: vendor/sqlite3/sqlite3.c:11723:27: warning: cast between incompatible function types from 'int (*)(void *)' to 'void (*)(void *)' [-Wcast-function-type]
[INFO] [stderr] warning: 11723 | #define SQLITE_DYNAMIC   ((sqlite3_destructor_type)sqlite3MallocSize)
[INFO] [stderr] warning:       |                           ^
[INFO] [stderr] warning: vendor/sqlite3/sqlite3.c:19349:52: note: in expansion of macro 'SQLITE_DYNAMIC'
[INFO] [stderr] warning: 19349 |                       z==zBuf ? SQLITE_TRANSIENT : SQLITE_DYNAMIC);
[INFO] [stderr] warning:       |                                                    ^~~~~~~~~~~~~~
[INFO] [stderr] warning: vendor/sqlite3/sqlite3.c: In function 'sqlite3ErrorWithMsg':
[INFO] [stderr] warning: vendor/sqlite3/sqlite3.c:11723:27: warning: cast between incompatible function types from 'int (*)(void *)' to 'void (*)(void *)' [-Wcast-function-type]
[INFO] [stderr] warning: 11723 | #define SQLITE_DYNAMIC   ((sqlite3_destructor_type)sqlite3MallocSize)
[INFO] [stderr] warning:       |                           ^
[INFO] [stderr] warning: vendor/sqlite3/sqlite3.c:27166:54: note: in expansion of macro 'SQLITE_DYNAMIC'
[INFO] [stderr] warning: 27166 |     sqlite3ValueSetStr(db->pErr, -1, z, SQLITE_UTF8, SQLITE_DYNAMIC);
[INFO] [stderr] warning:       |                                                      ^~~~~~~~~~~~~~
[INFO] [stderr] warning: vendor/sqlite3/sqlite3.c: In function 'sqlite3VdbeMemSetStr':
[INFO] [stderr] warning: vendor/sqlite3/sqlite3.c:11723:27: warning: cast between incompatible function types from 'int (*)(void *)' to 'void (*)(void *)' [-Wcast-function-type]
[INFO] [stderr] warning: 11723 | #define SQLITE_DYNAMIC   ((sqlite3_destructor_type)sqlite3MallocSize)
[INFO] [stderr] warning:       |                           ^
[INFO] [stderr] warning: vendor/sqlite3/sqlite3.c:69143:19: note: in expansion of macro 'SQLITE_DYNAMIC'
[INFO] [stderr] warning: 69143 |   }else if( xDel==SQLITE_DYNAMIC ){
[INFO] [stderr] warning:       |                   ^~~~~~~~~~~~~~
[INFO] [stderr] warning: vendor/sqlite3/sqlite3.c: In function 'valueFromExpr':
[INFO] [stderr] warning: vendor/sqlite3/sqlite3.c:11723:27: warning: cast between incompatible function types from 'int (*)(void *)' to 'void (*)(void *)' [-Wcast-function-type]
[INFO] [stderr] warning: 11723 | #define SQLITE_DYNAMIC   ((sqlite3_destructor_type)sqlite3MallocSize)
[INFO] [stderr] warning:       |                           ^
[INFO] [stderr] warning: vendor/sqlite3/sqlite3.c:69559:55: note: in expansion of macro 'SQLITE_DYNAMIC'
[INFO] [stderr] warning: 69559 |       sqlite3ValueSetStr(pVal, -1, zVal, SQLITE_UTF8, SQLITE_DYNAMIC);
[INFO] [stderr] warning:       |                                                       ^~~~~~~~~~~~~~
[INFO] [stderr] warning: vendor/sqlite3/sqlite3.c:11723:27: warning: cast between incompatible function types from 'int (*)(void *)' to 'void (*)(void *)' [-Wcast-function-type]
[INFO] [stderr] warning: 11723 | #define SQLITE_DYNAMIC   ((sqlite3_destructor_type)sqlite3MallocSize)
[INFO] [stderr] warning:       |                           ^
[INFO] [stderr] warning: vendor/sqlite3/sqlite3.c:69601:29: note: in expansion of macro 'SQLITE_DYNAMIC'
[INFO] [stderr] warning: 69601 |                          0, SQLITE_DYNAMIC);
[INFO] [stderr] warning:       |                             ^~~~~~~~~~~~~~
[INFO] [stderr] warning: vendor/sqlite3/sqlite3.c: In function 'renameTableFunc':
[INFO] [stderr] warning: vendor/sqlite3/sqlite3.c:11723:27: warning: cast between incompatible function types from 'int (*)(void *)' to 'void (*)(void *)' [-Wcast-function-type]
[INFO] [stderr] warning: 11723 | #define SQLITE_DYNAMIC   ((sqlite3_destructor_type)sqlite3MallocSize)
[INFO] [stderr] warning:       |                           ^
[INFO] [stderr] warning: vendor/sqlite3/sqlite3.c:93353:44: note: in expansion of macro 'SQLITE_DYNAMIC'
[INFO] [stderr] warning: 93353 |     sqlite3_result_text(context, zRet, -1, SQLITE_DYNAMIC);
[INFO] [stderr] warning:       |                                            ^~~~~~~~~~~~~~
[INFO] [stderr] warning: vendor/sqlite3/sqlite3.c: In function 'renameParentFunc':
[INFO] [stderr] warning: vendor/sqlite3/sqlite3.c:11723:27: warning: cast between incompatible function types from 'int (*)(void *)' to 'void (*)(void *)' [-Wcast-function-type]
[INFO] [stderr] warning: 11723 | #define SQLITE_DYNAMIC   ((sqlite3_destructor_type)sqlite3MallocSize)
[INFO] [stderr] warning:       |                           ^
[INFO] [stderr] warning: vendor/sqlite3/sqlite3.c:93417:45: note: in expansion of macro 'SQLITE_DYNAMIC'
[INFO] [stderr] warning: 93417 |   sqlite3_result_text(context, zResult, -1, SQLITE_DYNAMIC);
[INFO] [stderr] warning:       |                                             ^~~~~~~~~~~~~~
[INFO] [stderr] warning: vendor/sqlite3/sqlite3.c: In function 'renameTriggerFunc':
[INFO] [stderr] warning: vendor/sqlite3/sqlite3.c:11723:27: warning: cast between incompatible function types from 'int (*)(void *)' to 'void (*)(void *)' [-Wcast-function-type]
[INFO] [stderr] warning: 11723 | #define SQLITE_DYNAMIC   ((sqlite3_destructor_type)sqlite3MallocSize)
[INFO] [stderr] warning:       |                           ^
[INFO] [stderr] warning: vendor/sqlite3/sqlite3.c:93494:44: note: in expansion of macro 'SQLITE_DYNAMIC'
[INFO] [stderr] warning: 93494 |     sqlite3_result_text(context, zRet, -1, SQLITE_DYNAMIC);
[INFO] [stderr] warning:       |                                            ^~~~~~~~~~~~~~
[INFO] [stderr] warning: vendor/sqlite3/sqlite3.c: In function 'printfFunc':
[INFO] [stderr] warning: vendor/sqlite3/sqlite3.c:11723:27: warning: cast between incompatible function types from 'int (*)(void *)' to 'void (*)(void *)' [-Wcast-function-type]
[INFO] [stderr] warning: 11723 | #define SQLITE_DYNAMIC   ((sqlite3_destructor_type)sqlite3MallocSize)
[INFO] [stderr] warning:       |                           ^
[INFO] [stderr] warning: vendor/sqlite3/sqlite3.c:102872:25: note: in expansion of macro 'SQLITE_DYNAMIC'
[INFO] [stderr] warning: 102872 |                         SQLITE_DYNAMIC);
[INFO] [stderr] warning:        |                         ^~~~~~~~~~~~~~
[INFO] [stderr] warning: vendor/sqlite3/sqlite3.c: In function 'generateColumnNames':
[INFO] [stderr] warning: vendor/sqlite3/sqlite3.c:11723:27: warning: cast between incompatible function types from 'int (*)(void *)' to 'void (*)(void *)' [-Wcast-function-type]
[INFO] [stderr] warning: 11723 | #define SQLITE_DYNAMIC   ((sqlite3_destructor_type)sqlite3MallocSize)
[INFO] [stderr] warning:       |                           ^
[INFO] [stderr] warning: vendor/sqlite3/sqlite3.c:114436:54: note: in expansion of macro 'SQLITE_DYNAMIC'
[INFO] [stderr] warning: 114436 |             sqlite3DbStrDup(db, pEList->a[i].zSpan), SQLITE_DYNAMIC);
[INFO] [stderr] warning:        |                                                      ^~~~~~~~~~~~~~
[INFO] [stderr] warning: vendor/sqlite3/sqlite3.c:11723:27: warning: cast between incompatible function types from 'int (*)(void *)' to 'void (*)(void *)' [-Wcast-function-type]
[INFO] [stderr] warning: 11723 | #define SQLITE_DYNAMIC   ((sqlite3_destructor_type)sqlite3MallocSize)
[INFO] [stderr] warning:       |                           ^
[INFO] [stderr] warning: vendor/sqlite3/sqlite3.c:114440:58: note: in expansion of macro 'SQLITE_DYNAMIC'
[INFO] [stderr] warning: 114440 |         sqlite3VdbeSetColName(v, i, COLNAME_NAME, zName, SQLITE_DYNAMIC);
[INFO] [stderr] warning:        |                                                          ^~~~~~~~~~~~~~
[INFO] [stderr] warning: vendor/sqlite3/sqlite3.c:11723:27: warning: cast between incompatible function types from 'int (*)(void *)' to 'void (*)(void *)' [-Wcast-function-type]
[INFO] [stderr] warning: 11723 | #define SQLITE_DYNAMIC   ((sqlite3_destructor_type)sqlite3MallocSize)
[INFO] [stderr] warning:       |                           ^
[INFO] [stderr] warning: vendor/sqlite3/sqlite3.c:114447:52: note: in expansion of macro 'SQLITE_DYNAMIC'
[INFO] [stderr] warning: 114447 |       sqlite3VdbeSetColName(v, i, COLNAME_NAME, z, SQLITE_DYNAMIC);
[INFO] [stderr] warning:        |                                                    ^~~~~~~~~~~~~~
[INFO] [stderr] warning: vendor/sqlite3/sqlite3.c: In function 'sqlite3VXPrintf':
[INFO] [stderr] warning: vendor/sqlite3/sqlite3.c:24802:19: warning: this statement may fall through [-Wimplicit-fallthrough=]
[INFO] [stderr] warning: 24802 |         flag_long = sizeof(char*)==sizeof(long int);
[INFO] [stderr] warning:       |         ~~~~~~~~~~^~~~~~~~~~~~~~~~~~~~~~~~~~~~~~~~~
[INFO] [stderr] warning: vendor/sqlite3/sqlite3.c:24804:7: note: here
[INFO] [stderr] warning: 24804 |       case etORDINAL:
[INFO] [stderr] warning:       |       ^~~~
[INFO] [stderr] warning: vendor/sqlite3/sqlite3.c: In function 'resolveP2Values':
[INFO] [stderr] warning: vendor/sqlite3/sqlite3.c:70521:13: warning: this statement may fall through [-Wimplicit-fallthrough=]
[INFO] [stderr] warning: 70521 |           if( pOp->p2!=0 ) p->readOnly = 0;
[INFO] [stderr] warning:       |             ^
[INFO] [stderr] warning: vendor/sqlite3/sqlite3.c:70524:9: note: here
[INFO] [stderr] warning: 70524 |         case OP_AutoCommit:
[INFO] [stderr] warning:       |         ^~~~
[INFO] [stderr] warning: vendor/sqlite3/sqlite3.c: In function 'freeP4':
[INFO] [stderr] warning: vendor/sqlite3/sqlite3.c:70755:7: warning: this statement may fall through [-Wimplicit-fallthrough=]
[INFO] [stderr] warning: 70755 |       freeEphemeralFunction(db, ((sqlite3_context*)p4)->pFunc);
[INFO] [stderr] warning:       |       ^~~~~~~~~~~~~~~~~~~~~~~~~~~~~~~~~~~~~~~~~~~~~~~~~~~~~~~~
[INFO] [stderr] warning: vendor/sqlite3/sqlite3.c:70758:5: note: here
[INFO] [stderr] warning: 70758 |     case P4_REAL:
[INFO] [stderr] warning:       |     ^~~~
[INFO] [stderr] warning: vendor/sqlite3/sqlite3.c: In function 'sqlite3VdbeExec':
[INFO] [stderr] warning: vendor/sqlite3/sqlite3.c:77592:5: warning: this statement may fall through [-Wimplicit-fallthrough=]
[INFO] [stderr] warning: 77592 |   if( (pIn3->flags & MEM_Null)==0 ) break;
[INFO] [stderr] warning:       |     ^
[INFO] [stderr] warning: vendor/sqlite3/sqlite3.c:77626:1: note: here
[INFO] [stderr] warning: 77626 | case OP_Halt: {
[INFO] [stderr] warning:       | ^~~~
[INFO] [stderr] warning: vendor/sqlite3/sqlite3.c:77757:5: warning: this statement may fall through [-Wimplicit-fallthrough=]
[INFO] [stderr] warning: 77757 |   if( pOp->p1>db->aLimit[SQLITE_LIMIT_LENGTH] ){
[INFO] [stderr] warning:       |     ^
[INFO] [stderr] warning: vendor/sqlite3/sqlite3.c:77776:1: note: here
[INFO] [stderr] warning: 77776 | case OP_String: {          /* out2 */
[INFO] [stderr] warning:       | ^~~~
[INFO] [stderr] warning: vendor/sqlite3/sqlite3.c:78325:15: warning: this statement may fall through [-Wimplicit-fallthrough=]
[INFO] [stderr] warning: 78325 |   pOp->opcode = OP_Function;
[INFO] [stderr] warning:       |               ^
[INFO] [stderr] warning: vendor/sqlite3/sqlite3.c:78328:1: note: here
[INFO] [stderr] warning: 78328 | case OP_Function: {
[INFO] [stderr] warning:       | ^~~~
[INFO] [stderr] warning: vendor/sqlite3/sqlite3.c:81463:38: warning: this statement may fall through [-Wimplicit-fallthrough=]
[INFO] [stderr] warning: 81463 |   p->aCounter[SQLITE_STMTSTATUS_SORT]++;
[INFO] [stderr] warning:       |   ~~~~~~~~~~~~~~~~~~~~~~~~~~~~~~~~~~~^~
[INFO] [stderr] warning: vendor/sqlite3/sqlite3.c:81478:1: note: here
[INFO] [stderr] warning: 81478 | case OP_Rewind: {        /* jump */
[INFO] [stderr] warning:       | ^~~~
[INFO] [stderr] warning: vendor/sqlite3/sqlite3.c:82691:15: warning: this statement may fall through [-Wimplicit-fallthrough=]
[INFO] [stderr] warning: 82691 |   pOp->opcode = OP_AggStep;
[INFO] [stderr] warning:       |               ^
[INFO] [stderr] warning: vendor/sqlite3/sqlite3.c:82694:1: note: here
[INFO] [stderr] warning: 82694 | case OP_AggStep: {
[INFO] [stderr] warning:       | ^~~~
[INFO] [stderr] warning: vendor/sqlite3/sqlite3.c: In function 'sqlite3ExprCodeTarget':
[INFO] [stderr] warning: vendor/sqlite3/sqlite3.c:91658:25: warning: this statement may fall through [-Wimplicit-fallthrough=]
[INFO] [stderr] warning: 91658 |     case TK_AGG_COLUMN: {
[INFO] [stderr] warning:       |                         ^
[INFO] [stderr] warning: vendor/sqlite3/sqlite3.c:91672:5: note: here
[INFO] [stderr] warning: 91672 |     case TK_COLUMN: {
[INFO] [stderr] warning:       |     ^~~~
[INFO] [stderr] warning: vendor/sqlite3/sqlite3.c: In function 'fkActionTrigger':
[INFO] [stderr] warning: vendor/sqlite3/sqlite3.c:105771:11: warning: this statement may fall through [-Wimplicit-fallthrough=]
[INFO] [stderr] warning: 105771 |         if( !pChanges ){
[INFO] [stderr] warning:        |           ^
[INFO] [stderr] warning: vendor/sqlite3/sqlite3.c:105775:7: note: here
[INFO] [stderr] warning: 105775 |       default:
[INFO] [stderr] warning:        |       ^~~~~~~
[INFO] [stderr] warning: vendor/sqlite3/sqlite3.c: In function 'sqlite3GenerateConstraintChecks':
[INFO] [stderr] warning: vendor/sqlite3/sqlite3.c:107258:17: warning: this statement may fall through [-Wimplicit-fallthrough=]
[INFO] [stderr] warning: 107258 |         onError = OE_Abort;
[INFO] [stderr] warning:        |                 ^
[INFO] [stderr] warning: vendor/sqlite3/sqlite3.c:107261:7: note: here
[INFO] [stderr] warning: 107261 |       case OE_Rollback:
[INFO] [stderr] warning:        |       ^~~~
[INFO] [stderr] warning: vendor/sqlite3/sqlite3.c: In function 'sqlite3GetToken':
[INFO] [stderr] warning: vendor/sqlite3/sqlite3.c:135002:9: warning: this statement may fall through [-Wimplicit-fallthrough=]
[INFO] [stderr] warning: 135002 |       if( !sqlite3Isdigit(z[1]) )
[INFO] [stderr] warning:        |         ^
[INFO] [stderr] warning: vendor/sqlite3/sqlite3.c:135011:5: note: here
[INFO] [stderr] warning: 135011 |     case CC_DIGIT: {
[INFO] [stderr] warning:        |     ^~~~
[INFO] [stderr] warning: vendor/sqlite3/sqlite3.c:135101:9: warning: this statement may fall through [-Wimplicit-fallthrough=]
[INFO] [stderr] warning: 135101 |       if( z[1]=='\'' ){
[INFO] [stderr] warning:        |         ^
[INFO] [stderr] warning: vendor/sqlite3/sqlite3.c:135115:5: note: here
[INFO] [stderr] warning: 135115 |     case CC_ID: {
[INFO] [stderr] warning:        |     ^~~~
[INFO] [stdout] error: no rules expected the token `flags`
[INFO] [stdout]  --> src/bluetherm/packet/data_flags.rs:4:9
[INFO] [stdout]   |
[INFO] [stdout] 4 |     pub flags DataFlags: u16 {
[INFO] [stdout]   |         ^^^^^ no rules expected this token in macro call
[INFO] [stdout] 
[INFO] [stdout] 
[INFO] [stdout] error: no rules expected the token `flags`
[INFO] [stdout]  --> src/bluetherm/packet/message_type.rs:4:9
[INFO] [stdout]   |
[INFO] [stdout] 4 |     pub flags MessageType: u8 {
[INFO] [stdout]   |         ^^^^^ no rules expected this token in macro call
[INFO] [stdout] 
[INFO] [stdout] 
[INFO] [stdout] error: no rules expected the token `flags`
[INFO] [stdout]  --> src/bluetherm/packet/data_flags.rs:4:9
[INFO] [stdout]   |
[INFO] [stdout] 4 |     pub flags DataFlags: u16 {
[INFO] [stdout]   |         ^^^^^ no rules expected this token in macro call
[INFO] [stdout] 
[INFO] [stdout] 
[INFO] [stdout] error: no rules expected the token `flags`
[INFO] [stdout]  --> src/bluetherm/packet/message_type.rs:4:9
[INFO] [stdout]   |
[INFO] [stdout] 4 |     pub flags MessageType: u8 {
[INFO] [stdout]   |         ^^^^^ no rules expected this token in macro call
[INFO] [stdout] 
[INFO] [stdout] 
[INFO] [stdout] error[E0433]: failed to resolve: could not find `DataFlags` in `data_flags`
[INFO] [stdout]   --> src/bluetherm/packet/converters.rs:81:23
[INFO] [stdout]    |
[INFO] [stdout] 81 |     match data_flags::DataFlags::from_bits(word) {
[INFO] [stdout]    |                       ^^^^^^^^^ could not find `DataFlags` in `data_flags`
[INFO] [stdout] 
[INFO] [stdout] 
[INFO] [stdout] error[E0433]: failed to resolve: could not find `MessageType` in `message_type`
[INFO] [stdout]    --> src/bluetherm/packet/converters.rs:103:25
[INFO] [stdout]     |
[INFO] [stdout] 103 |     match message_type::MessageType::from_bits(byte) {
[INFO] [stdout]     |                         ^^^^^^^^^^^ could not find `MessageType` in `message_type`
[INFO] [stdout] 
[INFO] [stdout] 
[INFO] [stdout] error[E0433]: failed to resolve: could not find `DataFlags` in `data_flags`
[INFO] [stdout]   --> src/bluetherm/packet/converters.rs:81:23
[INFO] [stdout]    |
[INFO] [stdout] 81 |     match data_flags::DataFlags::from_bits(word) {
[INFO] [stdout]    |                       ^^^^^^^^^ could not find `DataFlags` in `data_flags`
[INFO] [stdout] 
[INFO] [stdout] 
[INFO] [stdout] error[E0433]: failed to resolve: could not find `MessageType` in `message_type`
[INFO] [stdout]    --> src/bluetherm/packet/converters.rs:103:25
[INFO] [stdout]     |
[INFO] [stdout] 103 |     match message_type::MessageType::from_bits(byte) {
[INFO] [stdout]     |                         ^^^^^^^^^^^ could not find `MessageType` in `message_type`
[INFO] [stdout] 
[INFO] [stdout] 
[INFO] [stdout] error[E0412]: cannot find type `DataFlags` in module `data_flags`
[INFO] [stdout]   --> src/bluetherm/packet/converters.rs:79:51
[INFO] [stdout]    |
[INFO] [stdout] 79 | pub fn data_flags_out(data: &[u8]) -> data_flags::DataFlags {
[INFO] [stdout]    |                                                   ^^^^^^^^^ not found in `data_flags`
[INFO] [stdout] 
[INFO] [stdout] 
[INFO] [stdout] error[E0425]: cannot find value `NONE` in module `data_flags`
[INFO] [stdout]   --> src/bluetherm/packet/converters.rs:83:29
[INFO] [stdout]    |
[INFO] [stdout] 83 |         None => data_flags::NONE
[INFO] [stdout]    |                             ^^^^ not found in `data_flags`
[INFO] [stdout] 
[INFO] [stdout] 
[INFO] [stdout] error[E0412]: cannot find type `DataFlags` in module `data_flags`
[INFO] [stdout]   --> src/bluetherm/packet/converters.rs:87:41
[INFO] [stdout]    |
[INFO] [stdout] 87 | pub fn data_flags_in(value: data_flags::DataFlags, buffer: &mut [u8]) {
[INFO] [stdout]    |                                         ^^^^^^^^^ not found in `data_flags`
[INFO] [stdout] 
[INFO] [stdout] 
[INFO] [stdout] error[E0412]: cannot find type `MessageType` in module `message_type`
[INFO] [stdout]    --> src/bluetherm/packet/converters.rs:101:55
[INFO] [stdout]     |
[INFO] [stdout] 101 | pub fn message_type_out(data: &[u8]) -> message_type::MessageType {
[INFO] [stdout]     |                                                       ^^^^^^^^^^^ not found in `message_type`
[INFO] [stdout] 
[INFO] [stdout] 
[INFO] [stdout] error[E0412]: cannot find type `DataFlags` in module `data_flags`
[INFO] [stdout]   --> src/bluetherm/packet/converters.rs:79:51
[INFO] [stdout]    |
[INFO] [stdout] 79 | pub fn data_flags_out(data: &[u8]) -> data_flags::DataFlags {
[INFO] [stdout]    |                                                   ^^^^^^^^^ not found in `data_flags`
[INFO] [stdout] 
[INFO] [stdout] 
[INFO] [stdout] error[E0425]: cannot find value `NOTHING` in module `message_type`
[INFO] [stdout]    --> src/bluetherm/packet/converters.rs:105:31
[INFO] [stdout]     |
[INFO] [stdout] 105 |         None => message_type::NOTHING
[INFO] [stdout]     |                               ^^^^^^^ not found in `message_type`
[INFO] [stdout] 
[INFO] [stdout] 
[INFO] [stdout] error[E0425]: cannot find value `NONE` in module `data_flags`
[INFO] [stdout]   --> src/bluetherm/packet/converters.rs:83:29
[INFO] [stdout]    |
[INFO] [stdout] 83 |         None => data_flags::NONE
[INFO] [stdout]    |                             ^^^^ not found in `data_flags`
[INFO] [stdout] 
[INFO] [stdout] 
[INFO] [stdout] error[E0412]: cannot find type `DataFlags` in module `data_flags`
[INFO] [stdout]   --> src/bluetherm/packet/converters.rs:87:41
[INFO] [stdout]    |
[INFO] [stdout] 87 | pub fn data_flags_in(value: data_flags::DataFlags, buffer: &mut [u8]) {
[INFO] [stdout]    |                                         ^^^^^^^^^ not found in `data_flags`
[INFO] [stdout] 
[INFO] [stdout] 
[INFO] [stdout] error[E0412]: cannot find type `MessageType` in module `message_type`
[INFO] [stdout]    --> src/bluetherm/packet/converters.rs:109:45
[INFO] [stdout]     |
[INFO] [stdout] 109 | pub fn message_type_in(value: message_type::MessageType, buffer: &mut [u8]) {
[INFO] [stdout]     |                                             ^^^^^^^^^^^ not found in `message_type`
[INFO] [stdout] 
[INFO] [stdout] 
[INFO] [stdout] error[E0412]: cannot find type `DataFlags` in this scope
[INFO] [stdout]   --> src/bluetherm/packet/data_flags.rs:27:6
[INFO] [stdout]    |
[INFO] [stdout] 27 | impl DataFlags {
[INFO] [stdout]    |      ^^^^^^^^^ not found in this scope
[INFO] [stdout] 
[INFO] [stdout] 
[INFO] [stdout] error[E0412]: cannot find type `MessageType` in module `message_type`
[INFO] [stdout]    --> src/bluetherm/packet/converters.rs:101:55
[INFO] [stdout]     |
[INFO] [stdout] 101 | pub fn message_type_out(data: &[u8]) -> message_type::MessageType {
[INFO] [stdout]     |                                                       ^^^^^^^^^^^ not found in `message_type`
[INFO] [stdout] 
[INFO] [stdout] 
[INFO] [stdout] error[E0425]: cannot find value `NOTHING` in module `message_type`
[INFO] [stdout]    --> src/bluetherm/packet/converters.rs:105:31
[INFO] [stdout]     |
[INFO] [stdout] 105 |         None => message_type::NOTHING
[INFO] [stdout]     |                               ^^^^^^^ not found in `message_type`
[INFO] [stdout] 
[INFO] [stdout] 
[INFO] [stdout] error[E0412]: cannot find type `DataFlags` in this scope
[INFO] [stdout]   --> src/bluetherm/packet/data_flags.rs:33:23
[INFO] [stdout]    |
[INFO] [stdout] 33 | impl fmt::Display for DataFlags {
[INFO] [stdout]    |                       ^^^^^^^^^ not found in this scope
[INFO] [stdout] 
[INFO] [stdout] 
[INFO] [stdout] error[E0412]: cannot find type `MessageType` in this scope
[INFO] [stdout]   --> src/bluetherm/packet/message_type.rs:14:6
[INFO] [stdout]    |
[INFO] [stdout] 14 | impl MessageType {
[INFO] [stdout]    |      ^^^^^^^^^^^ not found in this scope
[INFO] [stdout] 
[INFO] [stdout] 
[INFO] [stdout] error[E0412]: cannot find type `MessageType` in module `message_type`
[INFO] [stdout]    --> src/bluetherm/packet/converters.rs:109:45
[INFO] [stdout]     |
[INFO] [stdout] 109 | pub fn message_type_in(value: message_type::MessageType, buffer: &mut [u8]) {
[INFO] [stdout]     |                                             ^^^^^^^^^^^ not found in `message_type`
[INFO] [stdout] 
[INFO] [stdout] 
[INFO] [stdout] error[E0412]: cannot find type `MessageType` in this scope
[INFO] [stdout]   --> src/bluetherm/packet/message_type.rs:20:23
[INFO] [stdout]    |
[INFO] [stdout] 20 | impl fmt::Display for MessageType {
[INFO] [stdout]    |                       ^^^^^^^^^^^ not found in this scope
[INFO] [stdout] 
[INFO] [stdout] 
[INFO] [stdout] error[E0412]: cannot find type `DataFlags` in this scope
[INFO] [stdout]   --> src/bluetherm/packet/data_flags.rs:27:6
[INFO] [stdout]    |
[INFO] [stdout] 27 | impl DataFlags {
[INFO] [stdout]    |      ^^^^^^^^^ not found in this scope
[INFO] [stdout] 
[INFO] [stdout] 
[INFO] [stdout] error[E0412]: cannot find type `DataFlags` in this scope
[INFO] [stdout]   --> src/bluetherm/packet/data_flags.rs:33:23
[INFO] [stdout]    |
[INFO] [stdout] 33 | impl fmt::Display for DataFlags {
[INFO] [stdout]    |                       ^^^^^^^^^ not found in this scope
[INFO] [stdout] 
[INFO] [stdout] 
[INFO] [stdout] error[E0425]: cannot find value `RETRIEVE_INFO` in module `message_type`
[INFO] [stdout]   --> src/bluetherm/packet/mod.rs:22:38
[INFO] [stdout]    |
[INFO] [stdout] 22 |       p.set_command_id(message_type::RETRIEVE_INFO);
[INFO] [stdout]    |                                      ^^^^^^^^^^^^^ not found in `message_type`
[INFO] [stdout] 
[INFO] [stdout] 
[INFO] [stdout] error[E0412]: cannot find type `MessageType` in this scope
[INFO] [stdout]   --> src/bluetherm/packet/message_type.rs:14:6
[INFO] [stdout]    |
[INFO] [stdout] 14 | impl MessageType {
[INFO] [stdout]    |      ^^^^^^^^^^^ not found in this scope
[INFO] [stdout] 
[INFO] [stdout] 
[INFO] [stdout] error[E0425]: cannot find value `DEFAULT` in module `data_flags`
[INFO] [stdout]   --> src/bluetherm/packet/mod.rs:24:36
[INFO] [stdout]    |
[INFO] [stdout] 24 |       p.set_data_flags(data_flags::DEFAULT);
[INFO] [stdout]    |                                    ^^^^^^^ not found in `data_flags`
[INFO] [stdout] 
[INFO] [stdout] 
[INFO] [stdout] error[E0412]: cannot find type `MessageType` in this scope
[INFO] [stdout]   --> src/bluetherm/packet/message_type.rs:20:23
[INFO] [stdout]    |
[INFO] [stdout] 20 | impl fmt::Display for MessageType {
[INFO] [stdout]    |                       ^^^^^^^^^^^ not found in this scope
[INFO] [stdout] 
[INFO] [stdout] 
[INFO] [stdout] error[E0425]: cannot find value `RETRIEVE_INFO` in module `message_type`
[INFO] [stdout]   --> src/bluetherm/packet/mod.rs:39:38
[INFO] [stdout]    |
[INFO] [stdout] 39 |       p.set_command_id(message_type::RETRIEVE_INFO);
[INFO] [stdout]    |                                      ^^^^^^^^^^^^^ not found in `message_type`
[INFO] [stdout] 
[INFO] [stdout] 
[INFO] [stdout] error[E0425]: cannot find value `RETRIEVE_INFO` in module `message_type`
[INFO] [stdout]   --> src/bluetherm/packet/mod.rs:22:38
[INFO] [stdout]    |
[INFO] [stdout] 22 |       p.set_command_id(message_type::RETRIEVE_INFO);
[INFO] [stdout]    |                                      ^^^^^^^^^^^^^ not found in `message_type`
[INFO] [stdout] 
[INFO] [stdout] 
[INFO] [stdout] error[E0425]: cannot find value `DEFAULT` in module `data_flags`
[INFO] [stdout]   --> src/bluetherm/packet/mod.rs:24:36
[INFO] [stdout]    |
[INFO] [stdout] 24 |       p.set_data_flags(data_flags::DEFAULT);
[INFO] [stdout]    |                                    ^^^^^^^ not found in `data_flags`
[INFO] [stdout] 
[INFO] [stdout] 
[INFO] [stdout] error[E0425]: cannot find value `TEMPS` in module `data_flags`
[INFO] [stdout]   --> src/bluetherm/packet/mod.rs:41:36
[INFO] [stdout]    |
[INFO] [stdout] 41 |       p.set_data_flags(data_flags::TEMPS);
[INFO] [stdout]    |                                    ^^^^^ not found in `data_flags`
[INFO] [stdout] 
[INFO] [stdout] 
[INFO] [stdout] error[E0425]: cannot find value `RETRIEVE_INFO` in module `message_type`
[INFO] [stdout]   --> src/bluetherm/packet/mod.rs:39:38
[INFO] [stdout]    |
[INFO] [stdout] 39 |       p.set_command_id(message_type::RETRIEVE_INFO);
[INFO] [stdout]    |                                      ^^^^^^^^^^^^^ not found in `message_type`
[INFO] [stdout] 
[INFO] [stdout] 
[INFO] [stdout] error[E0412]: cannot find type `MessageType` in module `message_type`
[INFO] [stdout]   --> src/bluetherm/packet/mod.rs:59:49
[INFO] [stdout]    |
[INFO] [stdout] 59 |   pub fn get_command_id(&self) -> message_type::MessageType {
[INFO] [stdout]    |                                                 ^^^^^^^^^^^ not found in `message_type`
[INFO] [stdout] 
[INFO] [stdout] 
[INFO] [stdout] error[E0425]: cannot find value `TEMPS` in module `data_flags`
[INFO] [stdout]   --> src/bluetherm/packet/mod.rs:41:36
[INFO] [stdout]    |
[INFO] [stdout] 41 |       p.set_data_flags(data_flags::TEMPS);
[INFO] [stdout]    |                                    ^^^^^ not found in `data_flags`
[INFO] [stdout] 
[INFO] [stdout] 
[INFO] [stdout] error[E0412]: cannot find type `MessageType` in module `message_type`
[INFO] [stdout]   --> src/bluetherm/packet/mod.rs:63:57
[INFO] [stdout]    |
[INFO] [stdout] 63 |   pub fn set_command_id(&mut self, value: message_type::MessageType) {
[INFO] [stdout]    |                                                         ^^^^^^^^^^^ not found in `message_type`
[INFO] [stdout] 
[INFO] [stdout] 
[INFO] [stdout] error[E0412]: cannot find type `MessageType` in module `message_type`
[INFO] [stdout]   --> src/bluetherm/packet/mod.rs:59:49
[INFO] [stdout]    |
[INFO] [stdout] 59 |   pub fn get_command_id(&self) -> message_type::MessageType {
[INFO] [stdout]    |                                                 ^^^^^^^^^^^ not found in `message_type`
[INFO] [stdout] 
[INFO] [stdout] 
[INFO] [stdout] error[E0412]: cannot find type `DataFlags` in module `data_flags`
[INFO] [stdout]   --> src/bluetherm/packet/mod.rs:75:47
[INFO] [stdout]    |
[INFO] [stdout] 75 |   pub fn get_data_flags(&self) -> data_flags::DataFlags {
[INFO] [stdout]    |                                               ^^^^^^^^^ not found in `data_flags`
[INFO] [stdout] 
[INFO] [stdout] 
[INFO] [stdout] error[E0412]: cannot find type `MessageType` in module `message_type`
[INFO] [stdout]   --> src/bluetherm/packet/mod.rs:63:57
[INFO] [stdout]    |
[INFO] [stdout] 63 |   pub fn set_command_id(&mut self, value: message_type::MessageType) {
[INFO] [stdout]    |                                                         ^^^^^^^^^^^ not found in `message_type`
[INFO] [stdout] 
[INFO] [stdout] 
[INFO] [stdout] error[E0412]: cannot find type `DataFlags` in module `data_flags`
[INFO] [stdout]   --> src/bluetherm/packet/mod.rs:79:55
[INFO] [stdout]    |
[INFO] [stdout] 79 |   pub fn set_data_flags(&mut self, value: data_flags::DataFlags) {
[INFO] [stdout]    |                                                       ^^^^^^^^^ not found in `data_flags`
[INFO] [stdout] 
[INFO] [stdout] 
[INFO] [stdout] error[E0412]: cannot find type `DataFlags` in module `data_flags`
[INFO] [stdout]   --> src/bluetherm/packet/mod.rs:75:47
[INFO] [stdout]    |
[INFO] [stdout] 75 |   pub fn get_data_flags(&self) -> data_flags::DataFlags {
[INFO] [stdout]    |                                               ^^^^^^^^^ not found in `data_flags`
[INFO] [stdout] 
[INFO] [stdout] 
[INFO] [stdout] error[E0603]: struct `Config` is private
[INFO] [stdout]    --> src/sql/mod.rs:149:24
[INFO] [stdout]     |
[INFO] [stdout] 149 |     let config = r2d2::Config::builder()
[INFO] [stdout]     |                        ^^^^^^ private struct
[INFO] [stdout]     |
[INFO] [stdout] note: the struct `Config` is defined here
[INFO] [stdout]    --> /opt/rustwide/cargo-home/registry/src/github.com-1ecc6299db9ec823/r2d2-0.8.9/src/lib.rs:55:5
[INFO] [stdout]     |
[INFO] [stdout] 55  | use crate::config::Config;
[INFO] [stdout]     |     ^^^^^^^^^^^^^^^^^^^^^
[INFO] [stdout] 
[INFO] [stdout] 
[INFO] [stdout] error[E0412]: cannot find type `DataFlags` in module `data_flags`
[INFO] [stdout]   --> src/bluetherm/packet/mod.rs:79:55
[INFO] [stdout]    |
[INFO] [stdout] 79 |   pub fn set_data_flags(&mut self, value: data_flags::DataFlags) {
[INFO] [stdout]    |                                                       ^^^^^^^^^ not found in `data_flags`
[INFO] [stdout] 
[INFO] [stdout] 
[INFO] [stdout] warning: use of deprecated macro `try`: use the `?` operator instead
[INFO] [stdout]    --> src/bluetherm/packet/mod.rs:137:9
[INFO] [stdout]     |
[INFO] [stdout] 137 |         try!(write!(f, "Packet<"));
[INFO] [stdout]     |         ^^^
[INFO] [stdout]     |
[INFO] [stdout]     = note: `#[warn(deprecated)]` on by default
[INFO] [stdout] 
[INFO] [stdout] 
[INFO] [stdout] warning: use of deprecated macro `try`: use the `?` operator instead
[INFO] [stdout]    --> src/bluetherm/packet/mod.rs:140:25
[INFO] [stdout]     |
[INFO] [stdout] 140 |             if i != 0 { try!(write!(f, ":")); }
[INFO] [stdout]     |                         ^^^
[INFO] [stdout] 
[INFO] [stdout] 
[INFO] [stdout] warning: use of deprecated macro `try`: use the `?` operator instead
[INFO] [stdout]    --> src/bluetherm/packet/mod.rs:141:13
[INFO] [stdout]     |
[INFO] [stdout] 141 |             try!(write!(f, "{}", self.data[i]));
[INFO] [stdout]     |             ^^^
[INFO] [stdout] 
[INFO] [stdout] 
[INFO] [stdout] warning: use of deprecated macro `try`: use the `?` operator instead
[INFO] [stdout]   --> src/sql/migrations.rs:35:5
[INFO] [stdout]    |
[INFO] [stdout] 35 |     try!(ensure_version_table(conn));
[INFO] [stdout]    |     ^^^
[INFO] [stdout] 
[INFO] [stdout] 
[INFO] [stdout] warning: use of deprecated macro `try`: use the `?` operator instead
[INFO] [stdout]   --> src/sql/migrations.rs:42:30
[INFO] [stdout]    |
[INFO] [stdout] 42 |     let installed_versions = try!(get_existing_versions(conn));
[INFO] [stdout]    |                              ^^^
[INFO] [stdout] 
[INFO] [stdout] 
[INFO] [stdout] warning: use of deprecated macro `try`: use the `?` operator instead
[INFO] [stdout]   --> src/sql/migrations.rs:59:9
[INFO] [stdout]    |
[INFO] [stdout] 59 |         try!(conn.execute_batch(&sql));
[INFO] [stdout]    |         ^^^
[INFO] [stdout] 
[INFO] [stdout] 
[INFO] [stdout] warning: use of deprecated macro `try`: use the `?` operator instead
[INFO] [stdout]   --> src/sql/migrations.rs:60:9
[INFO] [stdout]    |
[INFO] [stdout] 60 |         try!(conn.execute("INSERT INTO schema_migrations (version) VALUES ($1)", &[&(v.version as i64)]));
[INFO] [stdout]    |         ^^^
[INFO] [stdout] 
[INFO] [stdout] 
[INFO] [stdout] warning: use of deprecated macro `try`: use the `?` operator instead
[INFO] [stdout]   --> src/sql/migrations.rs:67:20
[INFO] [stdout]    |
[INFO] [stdout] 67 |     let mut stmt = try!(conn.prepare("SELECT version FROM schema_migrations"));
[INFO] [stdout]    |                    ^^^
[INFO] [stdout] 
[INFO] [stdout] 
[INFO] [stdout] warning: use of deprecated macro `try`: use the `?` operator instead
[INFO] [stdout]   --> src/sql/migrations.rs:68:23
[INFO] [stdout]    |
[INFO] [stdout] 68 |     let version_itr = try!(stmt.query_map(&[], |row| {
[INFO] [stdout]    |                       ^^^
[INFO] [stdout] 
[INFO] [stdout] 
[INFO] [stdout] warning: use of deprecated macro `try`: use the `?` operator instead
[INFO] [stdout]   --> src/sql/migrations.rs:78:23
[INFO] [stdout]    |
[INFO] [stdout] 78 |         versions.push(try!(v));
[INFO] [stdout]    |                       ^^^
[INFO] [stdout] 
[INFO] [stdout] 
[INFO] [stdout] warning: use of deprecated macro `try`: use the `?` operator instead
[INFO] [stdout]   --> src/sql/migrations.rs:87:17
[INFO] [stdout]    |
[INFO] [stdout] 87 |     let mut f = try!(File::open(&path));
[INFO] [stdout]    |                 ^^^
[INFO] [stdout] 
[INFO] [stdout] 
[INFO] [stdout] warning: use of deprecated macro `try`: use the `?` operator instead
[INFO] [stdout]   --> src/sql/migrations.rs:89:5
[INFO] [stdout]    |
[INFO] [stdout] 89 |     try!(f.read_to_string(&mut contents));
[INFO] [stdout]    |     ^^^
[INFO] [stdout] 
[INFO] [stdout] 
[INFO] [stdout] warning: use of deprecated macro `try`: use the `?` operator instead
[INFO] [stdout]   --> src/sql/migrations.rs:95:21
[INFO] [stdout]    |
[INFO] [stdout] 95 |     let all_paths = try!(fs::read_dir(migrations_dir));
[INFO] [stdout]    |                     ^^^
[INFO] [stdout] 
[INFO] [stdout] 
[INFO] [stdout] warning: use of deprecated macro `try`: use the `?` operator instead
[INFO] [stdout]    --> src/sql/migrations.rs:109:24
[INFO] [stdout]     |
[INFO] [stdout] 109 |          let version = try!(calculate_version(&file));
[INFO] [stdout]     |                        ^^^
[INFO] [stdout] 
[INFO] [stdout] 
[INFO] [stdout] warning: use of deprecated macro `try`: use the `?` operator instead
[INFO] [stdout]    --> src/sql/migrations.rs:151:5
[INFO] [stdout]     |
[INFO] [stdout] 151 |     try!(conn.execute(CREATE_VERSION_TABLE, &[]));
[INFO] [stdout]     |     ^^^
[INFO] [stdout] 
[INFO] [stdout] 
[INFO] [stdout] warning: use of deprecated macro `try`: use the `?` operator instead
[INFO] [stdout]   --> src/sql/pool.rs:33:24
[INFO] [stdout]    |
[INFO] [stdout] 33 |             let conn = try!(Connection::open_in_memory());
[INFO] [stdout]    |                        ^^^
[INFO] [stdout] 
[INFO] [stdout] 
[INFO] [stdout] warning: use of deprecated macro `try`: use the `?` operator instead
[INFO] [stdout]   --> src/sql/pool.rs:40:36
[INFO] [stdout]    |
[INFO] [stdout] 40 |                     let mut conn = try!(Connection::open_with_flags(path, flags));
[INFO] [stdout]    |                                    ^^^
[INFO] [stdout] 
[INFO] [stdout] 
[INFO] [stdout] warning: use of deprecated macro `try`: use the `?` operator instead
[INFO] [stdout]   --> src/sql/mod.rs:15:5
[INFO] [stdout]    |
[INFO] [stdout] 15 |     try!(conn.execute("INSERT INTO connection_statuses (is_connect, is_disconnect, info, created_at) VALUES ($1, $2, $3, $4)",
[INFO] [stdout]    |     ^^^
[INFO] [stdout] 
[INFO] [stdout] 
[INFO] [stdout] warning: use of deprecated macro `try`: use the `?` operator instead
[INFO] [stdout]   --> src/sql/mod.rs:42:5
[INFO] [stdout]    |
[INFO] [stdout] 42 |     try!(conn.execute("INSERT INTO readings (value1, value2, timestamp) VALUES ($1, $2, $3)",
[INFO] [stdout]    |     ^^^
[INFO] [stdout] 
[INFO] [stdout] 
[INFO] [stdout] warning: use of deprecated macro `try`: use the `?` operator instead
[INFO] [stdout]   --> src/sql/mod.rs:50:20
[INFO] [stdout]    |
[INFO] [stdout] 50 |     let mut stmt = try!(conn.prepare("SELECT id, value1, value2, timestamp FROM readings WHERE timestamp > $1 AND timestamp < $2 ORDER BY...
[INFO] [stdout]    |                    ^^^
[INFO] [stdout] 
[INFO] [stdout] 
[INFO] [stdout] warning: use of deprecated macro `try`: use the `?` operator instead
[INFO] [stdout]   --> src/sql/mod.rs:57:24
[INFO] [stdout]    |
[INFO] [stdout] 57 |     let reading_iter = try!(stmt.query_map(&[&start_date, &project.end], |row| {
[INFO] [stdout]    |                        ^^^
[INFO] [stdout] 
[INFO] [stdout] 
[INFO] [stdout] warning: use of deprecated macro `try`: use the `?` operator instead
[INFO] [stdout]   --> src/sql/mod.rs:69:23
[INFO] [stdout]    |
[INFO] [stdout] 69 |         let reading = try!(reading_row);
[INFO] [stdout]    |                       ^^^
[INFO] [stdout] 
[INFO] [stdout] 
[INFO] [stdout] warning: use of deprecated macro `try`: use the `?` operator instead
[INFO] [stdout]   --> src/sql/mod.rs:77:5
[INFO] [stdout]    |
[INFO] [stdout] 77 |     try!(conn.execute("INSERT INTO projects (name, start, end, sensor1_name, sensor2_name, created_at, updated_at) VALUES ($1, $2, $3, $4...
[INFO] [stdout]    |     ^^^
[INFO] [stdout] 
[INFO] [stdout] 
[INFO] [stdout] warning: use of deprecated macro `try`: use the `?` operator instead
[INFO] [stdout]   --> src/sql/mod.rs:85:19
[INFO] [stdout]    |
[INFO] [stdout] 85 |     let changed = try!(conn.execute("UPDATE projects SET name = $1, start = $2, end = $3, sensor1_name = $4, sensor2_name = $5, created_a...
[INFO] [stdout]    |                   ^^^
[INFO] [stdout] 
[INFO] [stdout] 
[INFO] [stdout] warning: use of deprecated macro `try`: use the `?` operator instead
[INFO] [stdout]   --> src/sql/mod.rs:96:20
[INFO] [stdout]    |
[INFO] [stdout] 96 |     let mut stmt = try!(conn.prepare("SELECT id, name, start, end, sensor1_name, sensor2_name, created_at, updated_at FROM projects ORDER...
[INFO] [stdout]    |                    ^^^
[INFO] [stdout] 
[INFO] [stdout] 
[INFO] [stdout] warning: use of deprecated macro `try`: use the `?` operator instead
[INFO] [stdout]   --> src/sql/mod.rs:97:24
[INFO] [stdout]    |
[INFO] [stdout] 97 |     let project_iter = try!(stmt.query_map(&[], |row| {
[INFO] [stdout]    |                        ^^^
[INFO] [stdout] 
[INFO] [stdout] 
[INFO] [stdout] warning: use of deprecated macro `try`: use the `?` operator instead
[INFO] [stdout]    --> src/sql/mod.rs:113:23
[INFO] [stdout]     |
[INFO] [stdout] 113 |         let project = try!(project_row);
[INFO] [stdout]     |                       ^^^
[INFO] [stdout] 
[INFO] [stdout] 
[INFO] [stdout] warning: use of deprecated macro `try`: use the `?` operator instead
[INFO] [stdout]    --> src/sql/mod.rs:168:16
[INFO] [stdout]     |
[INFO] [stdout] 168 |     let conn = try!(Connection::open_with_flags(path, flags));
[INFO] [stdout]     |                ^^^
[INFO] [stdout] 
[INFO] [stdout] 
[INFO] [stdout] warning: use of deprecated macro `try`: use the `?` operator instead
[INFO] [stdout]    --> src/sql/mod.rs:171:20
[INFO] [stdout]     |
[INFO] [stdout] 171 |         Some(p) => try!(migrations::perform_migration(&conn, &p)),
[INFO] [stdout]     |                    ^^^
[INFO] [stdout] 
[INFO] [stdout] 
[INFO] [stdout] error[E0603]: struct `Config` is private
[INFO] [stdout]    --> src/sql/mod.rs:149:24
[INFO] [stdout]     |
[INFO] [stdout] 149 |     let config = r2d2::Config::builder()
[INFO] [stdout]     |                        ^^^^^^ private struct
[INFO] [stdout]     |
[INFO] [stdout] note: the struct `Config` is defined here
[INFO] [stdout]    --> /opt/rustwide/cargo-home/registry/src/github.com-1ecc6299db9ec823/r2d2-0.8.9/src/lib.rs:55:5
[INFO] [stdout]     |
[INFO] [stdout] 55  | use crate::config::Config;
[INFO] [stdout]     |     ^^^^^^^^^^^^^^^^^^^^^
[INFO] [stdout] 
[INFO] [stdout] 
[INFO] [stdout] warning: use of deprecated macro `try`: use the `?` operator instead
[INFO] [stdout]    --> src/bluetherm/packet/mod.rs:137:9
[INFO] [stdout]     |
[INFO] [stdout] 137 |         try!(write!(f, "Packet<"));
[INFO] [stdout]     |         ^^^
[INFO] [stdout]     |
[INFO] [stdout]     = note: `#[warn(deprecated)]` on by default
[INFO] [stdout] 
[INFO] [stdout] 
[INFO] [stdout] warning: use of deprecated macro `try`: use the `?` operator instead
[INFO] [stdout]    --> src/bluetherm/packet/mod.rs:140:25
[INFO] [stdout]     |
[INFO] [stdout] 140 |             if i != 0 { try!(write!(f, ":")); }
[INFO] [stdout]     |                         ^^^
[INFO] [stdout] 
[INFO] [stdout] 
[INFO] [stdout] warning: use of deprecated macro `try`: use the `?` operator instead
[INFO] [stdout]    --> src/bluetherm/packet/mod.rs:141:13
[INFO] [stdout]     |
[INFO] [stdout] 141 |             try!(write!(f, "{}", self.data[i]));
[INFO] [stdout]     |             ^^^
[INFO] [stdout] 
[INFO] [stdout] 
[INFO] [stdout] warning: use of deprecated macro `try`: use the `?` operator instead
[INFO] [stdout]   --> src/sql/migrations.rs:35:5
[INFO] [stdout]    |
[INFO] [stdout] 35 |     try!(ensure_version_table(conn));
[INFO] [stdout]    |     ^^^
[INFO] [stdout] 
[INFO] [stdout] 
[INFO] [stdout] warning: use of deprecated macro `try`: use the `?` operator instead
[INFO] [stdout]   --> src/sql/migrations.rs:42:30
[INFO] [stdout]    |
[INFO] [stdout] 42 |     let installed_versions = try!(get_existing_versions(conn));
[INFO] [stdout]    |                              ^^^
[INFO] [stdout] 
[INFO] [stdout] 
[INFO] [stdout] warning: use of deprecated macro `try`: use the `?` operator instead
[INFO] [stdout]   --> src/sql/migrations.rs:59:9
[INFO] [stdout]    |
[INFO] [stdout] 59 |         try!(conn.execute_batch(&sql));
[INFO] [stdout]    |         ^^^
[INFO] [stdout] 
[INFO] [stdout] 
[INFO] [stdout] warning: use of deprecated macro `try`: use the `?` operator instead
[INFO] [stdout]   --> src/sql/migrations.rs:60:9
[INFO] [stdout]    |
[INFO] [stdout] 60 |         try!(conn.execute("INSERT INTO schema_migrations (version) VALUES ($1)", &[&(v.version as i64)]));
[INFO] [stdout]    |         ^^^
[INFO] [stdout] 
[INFO] [stdout] 
[INFO] [stdout] warning: use of deprecated macro `try`: use the `?` operator instead
[INFO] [stdout]   --> src/sql/migrations.rs:67:20
[INFO] [stdout]    |
[INFO] [stdout] 67 |     let mut stmt = try!(conn.prepare("SELECT version FROM schema_migrations"));
[INFO] [stdout]    |                    ^^^
[INFO] [stdout] 
[INFO] [stdout] 
[INFO] [stdout] warning: use of deprecated macro `try`: use the `?` operator instead
[INFO] [stdout]   --> src/sql/migrations.rs:68:23
[INFO] [stdout]    |
[INFO] [stdout] 68 |     let version_itr = try!(stmt.query_map(&[], |row| {
[INFO] [stdout]    |                       ^^^
[INFO] [stdout] 
[INFO] [stdout] 
[INFO] [stdout] warning: use of deprecated macro `try`: use the `?` operator instead
[INFO] [stdout]   --> src/sql/migrations.rs:78:23
[INFO] [stdout]    |
[INFO] [stdout] 78 |         versions.push(try!(v));
[INFO] [stdout]    |                       ^^^
[INFO] [stdout] 
[INFO] [stdout] 
[INFO] [stdout] warning: use of deprecated macro `try`: use the `?` operator instead
[INFO] [stdout]   --> src/sql/migrations.rs:87:17
[INFO] [stdout]    |
[INFO] [stdout] 87 |     let mut f = try!(File::open(&path));
[INFO] [stdout]    |                 ^^^
[INFO] [stdout] 
[INFO] [stdout] 
[INFO] [stdout] warning: use of deprecated macro `try`: use the `?` operator instead
[INFO] [stdout]   --> src/sql/migrations.rs:89:5
[INFO] [stdout]    |
[INFO] [stdout] 89 |     try!(f.read_to_string(&mut contents));
[INFO] [stdout]    |     ^^^
[INFO] [stdout] 
[INFO] [stdout] 
[INFO] [stdout] warning: use of deprecated macro `try`: use the `?` operator instead
[INFO] [stdout]   --> src/sql/migrations.rs:95:21
[INFO] [stdout]    |
[INFO] [stdout] 95 |     let all_paths = try!(fs::read_dir(migrations_dir));
[INFO] [stdout]    |                     ^^^
[INFO] [stdout] 
[INFO] [stdout] 
[INFO] [stdout] warning: use of deprecated macro `try`: use the `?` operator instead
[INFO] [stdout]    --> src/sql/migrations.rs:109:24
[INFO] [stdout]     |
[INFO] [stdout] 109 |          let version = try!(calculate_version(&file));
[INFO] [stdout]     |                        ^^^
[INFO] [stdout] 
[INFO] [stdout] 
[INFO] [stdout] warning: use of deprecated macro `try`: use the `?` operator instead
[INFO] [stdout]    --> src/sql/migrations.rs:151:5
[INFO] [stdout]     |
[INFO] [stdout] 151 |     try!(conn.execute(CREATE_VERSION_TABLE, &[]));
[INFO] [stdout]     |     ^^^
[INFO] [stdout] 
[INFO] [stdout] 
[INFO] [stdout] warning: use of deprecated macro `try`: use the `?` operator instead
[INFO] [stdout]   --> src/sql/pool.rs:33:24
[INFO] [stdout]    |
[INFO] [stdout] 33 |             let conn = try!(Connection::open_in_memory());
[INFO] [stdout]    |                        ^^^
[INFO] [stdout] 
[INFO] [stdout] 
[INFO] [stdout] warning: use of deprecated macro `try`: use the `?` operator instead
[INFO] [stdout]   --> src/sql/pool.rs:40:36
[INFO] [stdout]    |
[INFO] [stdout] 40 |                     let mut conn = try!(Connection::open_with_flags(path, flags));
[INFO] [stdout]    |                                    ^^^
[INFO] [stdout] 
[INFO] [stdout] 
[INFO] [stdout] warning: use of deprecated macro `try`: use the `?` operator instead
[INFO] [stdout]   --> src/sql/mod.rs:15:5
[INFO] [stdout]    |
[INFO] [stdout] 15 |     try!(conn.execute("INSERT INTO connection_statuses (is_connect, is_disconnect, info, created_at) VALUES ($1, $2, $3, $4)",
[INFO] [stdout]    |     ^^^
[INFO] [stdout] 
[INFO] [stdout] 
[INFO] [stdout] warning: use of deprecated macro `try`: use the `?` operator instead
[INFO] [stdout]   --> src/sql/mod.rs:42:5
[INFO] [stdout]    |
[INFO] [stdout] 42 |     try!(conn.execute("INSERT INTO readings (value1, value2, timestamp) VALUES ($1, $2, $3)",
[INFO] [stdout]    |     ^^^
[INFO] [stdout] 
[INFO] [stdout] 
[INFO] [stdout] warning: use of deprecated macro `try`: use the `?` operator instead
[INFO] [stdout]   --> src/sql/mod.rs:50:20
[INFO] [stdout]    |
[INFO] [stdout] 50 |     let mut stmt = try!(conn.prepare("SELECT id, value1, value2, timestamp FROM readings WHERE timestamp > $1 AND timestamp < $2 ORDER BY...
[INFO] [stdout]    |                    ^^^
[INFO] [stdout] 
[INFO] [stdout] 
[INFO] [stdout] warning: use of deprecated macro `try`: use the `?` operator instead
[INFO] [stdout]   --> src/sql/mod.rs:57:24
[INFO] [stdout]    |
[INFO] [stdout] 57 |     let reading_iter = try!(stmt.query_map(&[&start_date, &project.end], |row| {
[INFO] [stdout]    |                        ^^^
[INFO] [stdout] 
[INFO] [stdout] 
[INFO] [stdout] warning: use of deprecated macro `try`: use the `?` operator instead
[INFO] [stdout]   --> src/sql/mod.rs:69:23
[INFO] [stdout]    |
[INFO] [stdout] 69 |         let reading = try!(reading_row);
[INFO] [stdout]    |                       ^^^
[INFO] [stdout] 
[INFO] [stdout] 
[INFO] [stdout] warning: use of deprecated macro `try`: use the `?` operator instead
[INFO] [stdout]   --> src/sql/mod.rs:77:5
[INFO] [stdout]    |
[INFO] [stdout] 77 |     try!(conn.execute("INSERT INTO projects (name, start, end, sensor1_name, sensor2_name, created_at, updated_at) VALUES ($1, $2, $3, $4...
[INFO] [stdout]    |     ^^^
[INFO] [stdout] 
[INFO] [stdout] 
[INFO] [stdout] warning: use of deprecated macro `try`: use the `?` operator instead
[INFO] [stdout]   --> src/sql/mod.rs:85:19
[INFO] [stdout]    |
[INFO] [stdout] 85 |     let changed = try!(conn.execute("UPDATE projects SET name = $1, start = $2, end = $3, sensor1_name = $4, sensor2_name = $5, created_a...
[INFO] [stdout]    |                   ^^^
[INFO] [stdout] 
[INFO] [stdout] 
[INFO] [stdout] warning: use of deprecated macro `try`: use the `?` operator instead
[INFO] [stdout]   --> src/sql/mod.rs:96:20
[INFO] [stdout]    |
[INFO] [stdout] 96 |     let mut stmt = try!(conn.prepare("SELECT id, name, start, end, sensor1_name, sensor2_name, created_at, updated_at FROM projects ORDER...
[INFO] [stdout]    |                    ^^^
[INFO] [stdout] 
[INFO] [stdout] 
[INFO] [stdout] warning: use of deprecated macro `try`: use the `?` operator instead
[INFO] [stdout]   --> src/sql/mod.rs:97:24
[INFO] [stdout]    |
[INFO] [stdout] 97 |     let project_iter = try!(stmt.query_map(&[], |row| {
[INFO] [stdout]    |                        ^^^
[INFO] [stdout] 
[INFO] [stdout] 
[INFO] [stdout] warning: use of deprecated macro `try`: use the `?` operator instead
[INFO] [stdout]    --> src/sql/mod.rs:113:23
[INFO] [stdout]     |
[INFO] [stdout] 113 |         let project = try!(project_row);
[INFO] [stdout]     |                       ^^^
[INFO] [stdout] 
[INFO] [stdout] 
[INFO] [stdout] warning: use of deprecated macro `try`: use the `?` operator instead
[INFO] [stdout]    --> src/sql/mod.rs:168:16
[INFO] [stdout]     |
[INFO] [stdout] 168 |     let conn = try!(Connection::open_with_flags(path, flags));
[INFO] [stdout]     |                ^^^
[INFO] [stdout] 
[INFO] [stdout] 
[INFO] [stdout] warning: use of deprecated macro `try`: use the `?` operator instead
[INFO] [stdout]    --> src/sql/mod.rs:171:20
[INFO] [stdout]     |
[INFO] [stdout] 171 |         Some(p) => try!(migrations::perform_migration(&conn, &p)),
[INFO] [stdout]     |                    ^^^
[INFO] [stdout] 
[INFO] [stdout] 
[INFO] [stdout] error[E0599]: no function or associated item named `builder` found for struct `r2d2::config::Config<_, _>` in the current scope
[INFO] [stdout]    --> src/sql/mod.rs:149:32
[INFO] [stdout]     |
[INFO] [stdout] 149 |     let config = r2d2::Config::builder()
[INFO] [stdout]     |                                ^^^^^^^ function or associated item not found in `r2d2::config::Config<_, _>`
[INFO] [stdout] 
[INFO] [stdout] 
[INFO] [stdout] error[E0061]: this function takes 1 argument but 2 arguments were supplied
[INFO] [stdout]    --> src/sql/mod.rs:154:5
[INFO] [stdout]     |
[INFO] [stdout] 154 |     ::r2d2::Pool::new(config, manager).unwrap()
[INFO] [stdout]     |     ^^^^^^^^^^^^^^^^^ ------  ------- supplied 2 arguments
[INFO] [stdout]     |     |
[INFO] [stdout]     |     expected 1 argument
[INFO] [stdout] 
[INFO] [stdout] 
[INFO] [stdout] error[E0599]: no function or associated item named `builder` found for struct `r2d2::config::Config<_, _>` in the current scope
[INFO] [stdout]    --> src/sql/mod.rs:149:32
[INFO] [stdout]     |
[INFO] [stdout] 149 |     let config = r2d2::Config::builder()
[INFO] [stdout]     |                                ^^^^^^^ function or associated item not found in `r2d2::config::Config<_, _>`
[INFO] [stdout] 
[INFO] [stdout] 
[INFO] [stdout] error[E0061]: this function takes 1 argument but 2 arguments were supplied
[INFO] [stdout]    --> src/sql/mod.rs:154:5
[INFO] [stdout]     |
[INFO] [stdout] 154 |     ::r2d2::Pool::new(config, manager).unwrap()
[INFO] [stdout]     |     ^^^^^^^^^^^^^^^^^ ------  ------- supplied 2 arguments
[INFO] [stdout]     |     |
[INFO] [stdout]     |     expected 1 argument
[INFO] [stdout] 
[INFO] [stdout] 
[INFO] [stdout] error: aborting due to 25 previous errors; 29 warnings emitted
[INFO] [stdout] 
[INFO] [stdout] 
[INFO] [stdout] Some errors have detailed explanations: E0061, E0412, E0425, E0433, E0599, E0603.
[INFO] [stdout] 
[INFO] [stdout] For more information about an error, try `rustc --explain E0061`.
[INFO] [stdout] 
[INFO] [stdout] error: aborting due to 25 previous errors; 29 warnings emitted
[INFO] [stdout] 
[INFO] [stdout] 
[INFO] [stdout] Some errors have detailed explanations: E0061, E0412, E0425, E0433, E0599, E0603.
[INFO] [stdout] 
[INFO] [stdout] For more information about an error, try `rustc --explain E0061`.
[INFO] [stdout] 
[INFO] [stderr] The following warnings were emitted during compilation:
[INFO] [stderr] 
[INFO] [stderr] warning: vendor/sqlite3/sqlite3.c: In function 'strftimeFunc':
[INFO] [stderr] warning: vendor/sqlite3/sqlite3.c:11723:27: warning: cast between incompatible function types from 'int (*)(void *)' to 'void (*)(void *)' [-Wcast-function-type]
[INFO] [stderr] warning: 11723 | #define SQLITE_DYNAMIC   ((sqlite3_destructor_type)sqlite3MallocSize)
[INFO] [stderr] warning:       |                           ^
[INFO] [stderr] warning: vendor/sqlite3/sqlite3.c:19349:52: note: in expansion of macro 'SQLITE_DYNAMIC'
[INFO] [stderr] warning: 19349 |                       z==zBuf ? SQLITE_TRANSIENT : SQLITE_DYNAMIC);
[INFO] [stderr] warning:       |                                                    ^~~~~~~~~~~~~~
[INFO] [stderr] warning: vendor/sqlite3/sqlite3.c: In function 'sqlite3ErrorWithMsg':
[INFO] [stderr] warning: vendor/sqlite3/sqlite3.c:11723:27: warning: cast between incompatible function types from 'int (*)(void *)' to 'void (*)(void *)' [-Wcast-function-type]
[INFO] [stderr] warning: 11723 | #define SQLITE_DYNAMIC   ((sqlite3_destructor_type)sqlite3MallocSize)
[INFO] [stderr] warning:       |                           ^
[INFO] [stderr] warning: vendor/sqlite3/sqlite3.c:27166:54: note: in expansion of macro 'SQLITE_DYNAMIC'
[INFO] [stderr] warning: 27166 |     sqlite3ValueSetStr(db->pErr, -1, z, SQLITE_UTF8, SQLITE_DYNAMIC);
[INFO] [stderr] warning:       |                                                      ^~~~~~~~~~~~~~
[INFO] [stderr] warning: vendor/sqlite3/sqlite3.c: In function 'sqlite3VdbeMemSetStr':
[INFO] [stderr] warning: vendor/sqlite3/sqlite3.c:11723:27: warning: cast between incompatible function types from 'int (*)(void *)' to 'void (*)(void *)' [-Wcast-function-type]
[INFO] [stderr] warning: 11723 | #define SQLITE_DYNAMIC   ((sqlite3_destructor_type)sqlite3MallocSize)
[INFO] [stderr] warning:       |                           ^
[INFO] [stderr] warning: vendor/sqlite3/sqlite3.c:69143:19: note: in expansion of macro 'SQLITE_DYNAMIC'
[INFO] [stderr] warning: 69143 |   }else if( xDel==SQLITE_DYNAMIC ){
[INFO] [stderr] warning:       |                   ^~~~~~~~~~~~~~
[INFO] [stderr] warning: vendor/sqlite3/sqlite3.c: In function 'valueFromExpr':
[INFO] [stderr] warning: vendor/sqlite3/sqlite3.c:11723:27: warning: cast between incompatible function types from 'int (*)(void *)' to 'void (*)(void *)' [-Wcast-function-type]
[INFO] [stderr] warning: 11723 | #define SQLITE_DYNAMIC   ((sqlite3_destructor_type)sqlite3MallocSize)
[INFO] [stderr] warning:       |                           ^
[INFO] [stderr] warning: vendor/sqlite3/sqlite3.c:69559:55: note: in expansion of macro 'SQLITE_DYNAMIC'
[INFO] [stderr] warning: 69559 |       sqlite3ValueSetStr(pVal, -1, zVal, SQLITE_UTF8, SQLITE_DYNAMIC);
[INFO] [stderr] warning:       |                                                       ^~~~~~~~~~~~~~
[INFO] [stderr] warning: vendor/sqlite3/sqlite3.c:11723:27: warning: cast between incompatible function types from 'int (*)(void *)' to 'void (*)(void *)' [-Wcast-function-type]
[INFO] [stderr] warning: 11723 | #define SQLITE_DYNAMIC   ((sqlite3_destructor_type)sqlite3MallocSize)
[INFO] [stderr] warning:       |                           ^
[INFO] [stderr] warning: vendor/sqlite3/sqlite3.c:69601:29: note: in expansion of macro 'SQLITE_DYNAMIC'
[INFO] [stderr] warning: 69601 |                          0, SQLITE_DYNAMIC);
[INFO] [stderr] warning:       |                             ^~~~~~~~~~~~~~
[INFO] [stderr] warning: vendor/sqlite3/sqlite3.c: In function 'renameTableFunc':
[INFO] [stderr] warning: vendor/sqlite3/sqlite3.c:11723:27: warning: cast between incompatible function types from 'int (*)(void *)' to 'void (*)(void *)' [-Wcast-function-type]
[INFO] [stderr] warning: 11723 | #define SQLITE_DYNAMIC   ((sqlite3_destructor_type)sqlite3MallocSize)
[INFO] [stderr] warning:       |                           ^
[INFO] [stderr] warning: vendor/sqlite3/sqlite3.c:93353:44: note: in expansion of macro 'SQLITE_DYNAMIC'
[INFO] [stderr] warning: 93353 |     sqlite3_result_text(context, zRet, -1, SQLITE_DYNAMIC);
[INFO] [stderr] warning:       |                                            ^~~~~~~~~~~~~~
[INFO] [stderr] warning: vendor/sqlite3/sqlite3.c: In function 'renameParentFunc':
[INFO] [stderr] warning: vendor/sqlite3/sqlite3.c:11723:27: warning: cast between incompatible function types from 'int (*)(void *)' to 'void (*)(void *)' [-Wcast-function-type]
[INFO] [stderr] warning: 11723 | #define SQLITE_DYNAMIC   ((sqlite3_destructor_type)sqlite3MallocSize)
[INFO] [stderr] warning:       |                           ^
[INFO] [stderr] warning: vendor/sqlite3/sqlite3.c:93417:45: note: in expansion of macro 'SQLITE_DYNAMIC'
[INFO] [stderr] warning: 93417 |   sqlite3_result_text(context, zResult, -1, SQLITE_DYNAMIC);
[INFO] [stderr] warning:       |                                             ^~~~~~~~~~~~~~
[INFO] [stderr] warning: vendor/sqlite3/sqlite3.c: In function 'renameTriggerFunc':
[INFO] [stderr] warning: vendor/sqlite3/sqlite3.c:11723:27: warning: cast between incompatible function types from 'int (*)(void *)' to 'void (*)(void *)' [-Wcast-function-type]
[INFO] [stderr] warning: 11723 | #define SQLITE_DYNAMIC   ((sqlite3_destructor_type)sqlite3MallocSize)
[INFO] [stderr] warning:       |                           ^
[INFO] [stderr] warning: vendor/sqlite3/sqlite3.c:93494:44: note: in expansion of macro 'SQLITE_DYNAMIC'
[INFO] [stderr] warning: 93494 |     sqlite3_result_text(context, zRet, -1, SQLITE_DYNAMIC);
[INFO] [stderr] warning:       |                                            ^~~~~~~~~~~~~~
[INFO] [stderr] warning: vendor/sqlite3/sqlite3.c: In function 'printfFunc':
[INFO] [stderr] warning: vendor/sqlite3/sqlite3.c:11723:27: warning: cast between incompatible function types from 'int (*)(void *)' to 'void (*)(void *)' [-Wcast-function-type]
[INFO] [stderr] warning: 11723 | #define SQLITE_DYNAMIC   ((sqlite3_destructor_type)sqlite3MallocSize)
[INFO] [stderr] warning:       |                           ^
[INFO] [stderr] warning: vendor/sqlite3/sqlite3.c:102872:25: note: in expansion of macro 'SQLITE_DYNAMIC'
[INFO] [stderr] warning: 102872 |                         SQLITE_DYNAMIC);
[INFO] [stderr] warning:        |                         ^~~~~~~~~~~~~~
[INFO] [stderr] warning: vendor/sqlite3/sqlite3.c: In function 'generateColumnNames':
[INFO] [stderr] warning: vendor/sqlite3/sqlite3.c:11723:27: warning: cast between incompatible function types from 'int (*)(void *)' to 'void (*)(void *)' [-Wcast-function-type]
[INFO] [stderr] warning: 11723 | #define SQLITE_DYNAMIC   ((sqlite3_destructor_type)sqlite3MallocSize)
[INFO] [stderr] warning:       |                           ^
[INFO] [stderr] warning: vendor/sqlite3/sqlite3.c:114436:54: note: in expansion of macro 'SQLITE_DYNAMIC'
[INFO] [stderr] warning: 114436 |             sqlite3DbStrDup(db, pEList->a[i].zSpan), SQLITE_DYNAMIC);
[INFO] [stderr] warning:        |                                                      ^~~~~~~~~~~~~~
[INFO] [stderr] warning: vendor/sqlite3/sqlite3.c:11723:27: warning: cast between incompatible function types from 'int (*)(void *)' to 'void (*)(void *)' [-Wcast-function-type]
[INFO] [stderr] warning: 11723 | #define SQLITE_DYNAMIC   ((sqlite3_destructor_type)sqlite3MallocSize)
[INFO] [stderr] warning:       |                           ^
[INFO] [stderr] warning: vendor/sqlite3/sqlite3.c:114440:58: note: in expansion of macro 'SQLITE_DYNAMIC'
[INFO] [stderr] warning: 114440 |         sqlite3VdbeSetColName(v, i, COLNAME_NAME, zName, SQLITE_DYNAMIC);
[INFO] [stderr] warning:        |                                                          ^~~~~~~~~~~~~~
[INFO] [stderr] warning: vendor/sqlite3/sqlite3.c:11723:27: warning: cast between incompatible function types from 'int (*)(void *)' to 'void (*)(void *)' [-Wcast-function-type]
[INFO] [stderr] warning: 11723 | #define SQLITE_DYNAMIC   ((sqlite3_destructor_type)sqlite3MallocSize)
[INFO] [stderr] warning:       |                           ^
[INFO] [stderr] warning: vendor/sqlite3/sqlite3.c:114447:52: note: in expansion of macro 'SQLITE_DYNAMIC'
[INFO] [stderr] warning: 114447 |       sqlite3VdbeSetColName(v, i, COLNAME_NAME, z, SQLITE_DYNAMIC);
[INFO] [stderr] warning:        |                                                    ^~~~~~~~~~~~~~
[INFO] [stderr] warning: vendor/sqlite3/sqlite3.c: In function 'sqlite3VXPrintf':
[INFO] [stderr] warning: vendor/sqlite3/sqlite3.c:24802:19: warning: this statement may fall through [-Wimplicit-fallthrough=]
[INFO] [stderr] warning: 24802 |         flag_long = sizeof(char*)==sizeof(long int);
[INFO] [stderr] warning:       |         ~~~~~~~~~~^~~~~~~~~~~~~~~~~~~~~~~~~~~~~~~~~
[INFO] [stderr] warning: vendor/sqlite3/sqlite3.c:24804:7: note: here
[INFO] [stderr] warning: 24804 |       case etORDINAL:
[INFO] [stderr] warning:       |       ^~~~
[INFO] [stderr] warning: vendor/sqlite3/sqlite3.c: In function 'resolveP2Values':
[INFO] [stderr] warning: vendor/sqlite3/sqlite3.c:70521:13: warning: this statement may fall through [-Wimplicit-fallthrough=]
[INFO] [stderr] warning: 70521 |           if( pOp->p2!=0 ) p->readOnly = 0;
[INFO] [stderr] warning:       |             ^
[INFO] [stderr] warning: vendor/sqlite3/sqlite3.c:70524:9: note: here
[INFO] [stderr] warning: 70524 |         case OP_AutoCommit:
[INFO] [stderr] warning:       |         ^~~~
[INFO] [stderr] warning: vendor/sqlite3/sqlite3.c: In function 'freeP4':
[INFO] [stderr] warning: vendor/sqlite3/sqlite3.c:70755:7: warning: this statement may fall through [-Wimplicit-fallthrough=]
[INFO] [stderr] warning: 70755 |       freeEphemeralFunction(db, ((sqlite3_context*)p4)->pFunc);
[INFO] [stderr] warning:       |       ^~~~~~~~~~~~~~~~~~~~~~~~~~~~~~~~~~~~~~~~~~~~~~~~~~~~~~~~
[INFO] [stderr] warning: vendor/sqlite3/sqlite3.c:70758:5: note: here
[INFO] [stderr] warning: 70758 |     case P4_REAL:
[INFO] [stderr] warning:       |     ^~~~
[INFO] [stderr] warning: vendor/sqlite3/sqlite3.c: In function 'sqlite3VdbeExec':
[INFO] [stderr] warning: vendor/sqlite3/sqlite3.c:77592:5: warning: this statement may fall through [-Wimplicit-fallthrough=]
[INFO] [stderr] warning: 77592 |   if( (pIn3->flags & MEM_Null)==0 ) break;
[INFO] [stderr] warning:       |     ^
[INFO] [stderr] warning: vendor/sqlite3/sqlite3.c:77626:1: note: here
[INFO] [stderr] warning: 77626 | case OP_Halt: {
[INFO] [stderr] warning:       | ^~~~
[INFO] [stderr] warning: vendor/sqlite3/sqlite3.c:77757:5: warning: this statement may fall through [-Wimplicit-fallthrough=]
[INFO] [stderr] warning: 77757 |   if( pOp->p1>db->aLimit[SQLITE_LIMIT_LENGTH] ){
[INFO] [stderr] warning:       |     ^
[INFO] [stderr] warning: vendor/sqlite3/sqlite3.c:77776:1: note: here
[INFO] [stderr] warning: 77776 | case OP_String: {          /* out2 */
[INFO] [stderr] warning:       | ^~~~
[INFO] [stderr] warning: vendor/sqlite3/sqlite3.c:78325:15: warning: this statement may fall through [-Wimplicit-fallthrough=]
[INFO] [stderr] warning: 78325 |   pOp->opcode = OP_Function;
[INFO] [stderr] warning:       |               ^
[INFO] [stderr] warning: vendor/sqlite3/sqlite3.c:78328:1: note: here
[INFO] [stderr] warning: 78328 | case OP_Function: {
[INFO] [stderr] warning:       | ^~~~
[INFO] [stderr] warning: vendor/sqlite3/sqlite3.c:81463:38: warning: this statement may fall through [-Wimplicit-fallthrough=]
[INFO] [stderr] warning: 81463 |   p->aCounter[SQLITE_STMTSTATUS_SORT]++;
[INFO] [stderr] warning:       |   ~~~~~~~~~~~~~~~~~~~~~~~~~~~~~~~~~~~^~
[INFO] [stderr] warning: vendor/sqlite3/sqlite3.c:81478:1: note: here
[INFO] [stderr] warning: 81478 | case OP_Rewind: {        /* jump */
[INFO] [stderr] warning:       | ^~~~
[INFO] [stderr] warning: vendor/sqlite3/sqlite3.c:82691:15: warning: this statement may fall through [-Wimplicit-fallthrough=]
[INFO] [stderr] warning: 82691 |   pOp->opcode = OP_AggStep;
[INFO] [stderr] warning:       |               ^
[INFO] [stderr] warning: vendor/sqlite3/sqlite3.c:82694:1: note: here
[INFO] [stderr] warning: 82694 | case OP_AggStep: {
[INFO] [stderr] warning:       | ^~~~
[INFO] [stderr] warning: vendor/sqlite3/sqlite3.c: In function 'sqlite3ExprCodeTarget':
[INFO] [stderr] warning: vendor/sqlite3/sqlite3.c:91658:25: warning: this statement may fall through [-Wimplicit-fallthrough=]
[INFO] [stderr] warning: 91658 |     case TK_AGG_COLUMN: {
[INFO] [stderr] warning:       |                         ^
[INFO] [stderr] warning: vendor/sqlite3/sqlite3.c:91672:5: note: here
[INFO] [stderr] warning: 91672 |     case TK_COLUMN: {
[INFO] [stderr] warning:       |     ^~~~
[INFO] [stderr] warning: vendor/sqlite3/sqlite3.c: In function 'fkActionTrigger':
[INFO] [stderr] warning: vendor/sqlite3/sqlite3.c:105771:11: warning: this statement may fall through [-Wimplicit-fallthrough=]
[INFO] [stderr] warning: 105771 |         if( !pChanges ){
[INFO] [stderr] warning:        |           ^
[INFO] [stderr] warning: vendor/sqlite3/sqlite3.c:105775:7: note: here
[INFO] [stderr] warning: 105775 |       default:
[INFO] [stderr] warning:        |       ^~~~~~~
[INFO] [stderr] warning: vendor/sqlite3/sqlite3.c: In function 'sqlite3GenerateConstraintChecks':
[INFO] [stderr] warning: vendor/sqlite3/sqlite3.c:107258:17: warning: this statement may fall through [-Wimplicit-fallthrough=]
[INFO] [stderr] warning: 107258 |         onError = OE_Abort;
[INFO] [stderr] warning:        |                 ^
[INFO] [stderr] warning: vendor/sqlite3/sqlite3.c:107261:7: note: here
[INFO] [stderr] warning: 107261 |       case OE_Rollback:
[INFO] [stderr] warning:        |       ^~~~
[INFO] [stderr] warning: vendor/sqlite3/sqlite3.c: In function 'sqlite3GetToken':
[INFO] [stderr] warning: vendor/sqlite3/sqlite3.c:135002:9: warning: this statement may fall through [-Wimplicit-fallthrough=]
[INFO] [stderr] warning: 135002 |       if( !sqlite3Isdigit(z[1]) )
[INFO] [stderr] warning:        |         ^
[INFO] [stderr] warning: vendor/sqlite3/sqlite3.c:135011:5: note: here
[INFO] [stderr] warning: 135011 |     case CC_DIGIT: {
[INFO] [stderr] warning:        |     ^~~~
[INFO] [stderr] warning: vendor/sqlite3/sqlite3.c:135101:9: warning: this statement may fall through [-Wimplicit-fallthrough=]
[INFO] [stderr] warning: 135101 |       if( z[1]=='\'' ){
[INFO] [stderr] warning:        |         ^
[INFO] [stderr] warning: vendor/sqlite3/sqlite3.c:135115:5: note: here
[INFO] [stderr] warning: 135115 |     case CC_ID: {
[INFO] [stderr] warning:        |     ^~~~
[INFO] [stderr] 
[INFO] [stderr] error: could not compile `pi-b-q-rust`.
[INFO] [stderr] 
[INFO] [stderr] To learn more, run the command again with --verbose.
[INFO] [stderr] warning: build failed, waiting for other jobs to finish...
[INFO] [stderr] The following warnings were emitted during compilation:
[INFO] [stderr] 
[INFO] [stderr] warning: vendor/sqlite3/sqlite3.c: In function 'strftimeFunc':
[INFO] [stderr] warning: vendor/sqlite3/sqlite3.c:11723:27: warning: cast between incompatible function types from 'int (*)(void *)' to 'void (*)(void *)' [-Wcast-function-type]
[INFO] [stderr] warning: 11723 | #define SQLITE_DYNAMIC   ((sqlite3_destructor_type)sqlite3MallocSize)
[INFO] [stderr] warning:       |                           ^
[INFO] [stderr] warning: vendor/sqlite3/sqlite3.c:19349:52: note: in expansion of macro 'SQLITE_DYNAMIC'
[INFO] [stderr] warning: 19349 |                       z==zBuf ? SQLITE_TRANSIENT : SQLITE_DYNAMIC);
[INFO] [stderr] warning:       |                                                    ^~~~~~~~~~~~~~
[INFO] [stderr] warning: vendor/sqlite3/sqlite3.c: In function 'sqlite3ErrorWithMsg':
[INFO] [stderr] warning: vendor/sqlite3/sqlite3.c:11723:27: warning: cast between incompatible function types from 'int (*)(void *)' to 'void (*)(void *)' [-Wcast-function-type]
[INFO] [stderr] warning: 11723 | #define SQLITE_DYNAMIC   ((sqlite3_destructor_type)sqlite3MallocSize)
[INFO] [stderr] warning:       |                           ^
[INFO] [stderr] warning: vendor/sqlite3/sqlite3.c:27166:54: note: in expansion of macro 'SQLITE_DYNAMIC'
[INFO] [stderr] warning: 27166 |     sqlite3ValueSetStr(db->pErr, -1, z, SQLITE_UTF8, SQLITE_DYNAMIC);
[INFO] [stderr] warning:       |                                                      ^~~~~~~~~~~~~~
[INFO] [stderr] warning: vendor/sqlite3/sqlite3.c: In function 'sqlite3VdbeMemSetStr':
[INFO] [stderr] warning: vendor/sqlite3/sqlite3.c:11723:27: warning: cast between incompatible function types from 'int (*)(void *)' to 'void (*)(void *)' [-Wcast-function-type]
[INFO] [stderr] warning: 11723 | #define SQLITE_DYNAMIC   ((sqlite3_destructor_type)sqlite3MallocSize)
[INFO] [stderr] warning:       |                           ^
[INFO] [stderr] warning: vendor/sqlite3/sqlite3.c:69143:19: note: in expansion of macro 'SQLITE_DYNAMIC'
[INFO] [stderr] warning: 69143 |   }else if( xDel==SQLITE_DYNAMIC ){
[INFO] [stderr] warning:       |                   ^~~~~~~~~~~~~~
[INFO] [stderr] warning: vendor/sqlite3/sqlite3.c: In function 'valueFromExpr':
[INFO] [stderr] warning: vendor/sqlite3/sqlite3.c:11723:27: warning: cast between incompatible function types from 'int (*)(void *)' to 'void (*)(void *)' [-Wcast-function-type]
[INFO] [stderr] warning: 11723 | #define SQLITE_DYNAMIC   ((sqlite3_destructor_type)sqlite3MallocSize)
[INFO] [stderr] warning:       |                           ^
[INFO] [stderr] warning: vendor/sqlite3/sqlite3.c:69559:55: note: in expansion of macro 'SQLITE_DYNAMIC'
[INFO] [stderr] warning: 69559 |       sqlite3ValueSetStr(pVal, -1, zVal, SQLITE_UTF8, SQLITE_DYNAMIC);
[INFO] [stderr] warning:       |                                                       ^~~~~~~~~~~~~~
[INFO] [stderr] warning: vendor/sqlite3/sqlite3.c:11723:27: warning: cast between incompatible function types from 'int (*)(void *)' to 'void (*)(void *)' [-Wcast-function-type]
[INFO] [stderr] warning: 11723 | #define SQLITE_DYNAMIC   ((sqlite3_destructor_type)sqlite3MallocSize)
[INFO] [stderr] warning:       |                           ^
[INFO] [stderr] warning: vendor/sqlite3/sqlite3.c:69601:29: note: in expansion of macro 'SQLITE_DYNAMIC'
[INFO] [stderr] warning: 69601 |                          0, SQLITE_DYNAMIC);
[INFO] [stderr] warning:       |                             ^~~~~~~~~~~~~~
[INFO] [stderr] warning: vendor/sqlite3/sqlite3.c: In function 'renameTableFunc':
[INFO] [stderr] warning: vendor/sqlite3/sqlite3.c:11723:27: warning: cast between incompatible function types from 'int (*)(void *)' to 'void (*)(void *)' [-Wcast-function-type]
[INFO] [stderr] warning: 11723 | #define SQLITE_DYNAMIC   ((sqlite3_destructor_type)sqlite3MallocSize)
[INFO] [stderr] warning:       |                           ^
[INFO] [stderr] warning: vendor/sqlite3/sqlite3.c:93353:44: note: in expansion of macro 'SQLITE_DYNAMIC'
[INFO] [stderr] warning: 93353 |     sqlite3_result_text(context, zRet, -1, SQLITE_DYNAMIC);
[INFO] [stderr] warning:       |                                            ^~~~~~~~~~~~~~
[INFO] [stderr] warning: vendor/sqlite3/sqlite3.c: In function 'renameParentFunc':
[INFO] [stderr] warning: vendor/sqlite3/sqlite3.c:11723:27: warning: cast between incompatible function types from 'int (*)(void *)' to 'void (*)(void *)' [-Wcast-function-type]
[INFO] [stderr] warning: 11723 | #define SQLITE_DYNAMIC   ((sqlite3_destructor_type)sqlite3MallocSize)
[INFO] [stderr] warning:       |                           ^
[INFO] [stderr] warning: vendor/sqlite3/sqlite3.c:93417:45: note: in expansion of macro 'SQLITE_DYNAMIC'
[INFO] [stderr] warning: 93417 |   sqlite3_result_text(context, zResult, -1, SQLITE_DYNAMIC);
[INFO] [stderr] warning:       |                                             ^~~~~~~~~~~~~~
[INFO] [stderr] warning: vendor/sqlite3/sqlite3.c: In function 'renameTriggerFunc':
[INFO] [stderr] warning: vendor/sqlite3/sqlite3.c:11723:27: warning: cast between incompatible function types from 'int (*)(void *)' to 'void (*)(void *)' [-Wcast-function-type]
[INFO] [stderr] warning: 11723 | #define SQLITE_DYNAMIC   ((sqlite3_destructor_type)sqlite3MallocSize)
[INFO] [stderr] warning:       |                           ^
[INFO] [stderr] warning: vendor/sqlite3/sqlite3.c:93494:44: note: in expansion of macro 'SQLITE_DYNAMIC'
[INFO] [stderr] warning: 93494 |     sqlite3_result_text(context, zRet, -1, SQLITE_DYNAMIC);
[INFO] [stderr] warning:       |                                            ^~~~~~~~~~~~~~
[INFO] [stderr] warning: vendor/sqlite3/sqlite3.c: In function 'printfFunc':
[INFO] [stderr] warning: vendor/sqlite3/sqlite3.c:11723:27: warning: cast between incompatible function types from 'int (*)(void *)' to 'void (*)(void *)' [-Wcast-function-type]
[INFO] [stderr] warning: 11723 | #define SQLITE_DYNAMIC   ((sqlite3_destructor_type)sqlite3MallocSize)
[INFO] [stderr] warning:       |                           ^
[INFO] [stderr] warning: vendor/sqlite3/sqlite3.c:102872:25: note: in expansion of macro 'SQLITE_DYNAMIC'
[INFO] [stderr] warning: 102872 |                         SQLITE_DYNAMIC);
[INFO] [stderr] warning:        |                         ^~~~~~~~~~~~~~
[INFO] [stderr] warning: vendor/sqlite3/sqlite3.c: In function 'generateColumnNames':
[INFO] [stderr] warning: vendor/sqlite3/sqlite3.c:11723:27: warning: cast between incompatible function types from 'int (*)(void *)' to 'void (*)(void *)' [-Wcast-function-type]
[INFO] [stderr] warning: 11723 | #define SQLITE_DYNAMIC   ((sqlite3_destructor_type)sqlite3MallocSize)
[INFO] [stderr] warning:       |                           ^
[INFO] [stderr] warning: vendor/sqlite3/sqlite3.c:114436:54: note: in expansion of macro 'SQLITE_DYNAMIC'
[INFO] [stderr] warning: 114436 |             sqlite3DbStrDup(db, pEList->a[i].zSpan), SQLITE_DYNAMIC);
[INFO] [stderr] warning:        |                                                      ^~~~~~~~~~~~~~
[INFO] [stderr] warning: vendor/sqlite3/sqlite3.c:11723:27: warning: cast between incompatible function types from 'int (*)(void *)' to 'void (*)(void *)' [-Wcast-function-type]
[INFO] [stderr] warning: 11723 | #define SQLITE_DYNAMIC   ((sqlite3_destructor_type)sqlite3MallocSize)
[INFO] [stderr] warning:       |                           ^
[INFO] [stderr] warning: vendor/sqlite3/sqlite3.c:114440:58: note: in expansion of macro 'SQLITE_DYNAMIC'
[INFO] [stderr] warning: 114440 |         sqlite3VdbeSetColName(v, i, COLNAME_NAME, zName, SQLITE_DYNAMIC);
[INFO] [stderr] warning:        |                                                          ^~~~~~~~~~~~~~
[INFO] [stderr] warning: vendor/sqlite3/sqlite3.c:11723:27: warning: cast between incompatible function types from 'int (*)(void *)' to 'void (*)(void *)' [-Wcast-function-type]
[INFO] [stderr] warning: 11723 | #define SQLITE_DYNAMIC   ((sqlite3_destructor_type)sqlite3MallocSize)
[INFO] [stderr] warning:       |                           ^
[INFO] [stderr] warning: vendor/sqlite3/sqlite3.c:114447:52: note: in expansion of macro 'SQLITE_DYNAMIC'
[INFO] [stderr] warning: 114447 |       sqlite3VdbeSetColName(v, i, COLNAME_NAME, z, SQLITE_DYNAMIC);
[INFO] [stderr] warning:        |                                                    ^~~~~~~~~~~~~~
[INFO] [stderr] warning: vendor/sqlite3/sqlite3.c: In function 'sqlite3VXPrintf':
[INFO] [stderr] warning: vendor/sqlite3/sqlite3.c:24802:19: warning: this statement may fall through [-Wimplicit-fallthrough=]
[INFO] [stderr] warning: 24802 |         flag_long = sizeof(char*)==sizeof(long int);
[INFO] [stderr] warning:       |         ~~~~~~~~~~^~~~~~~~~~~~~~~~~~~~~~~~~~~~~~~~~
[INFO] [stderr] warning: vendor/sqlite3/sqlite3.c:24804:7: note: here
[INFO] [stderr] warning: 24804 |       case etORDINAL:
[INFO] [stderr] warning:       |       ^~~~
[INFO] [stderr] warning: vendor/sqlite3/sqlite3.c: In function 'resolveP2Values':
[INFO] [stderr] warning: vendor/sqlite3/sqlite3.c:70521:13: warning: this statement may fall through [-Wimplicit-fallthrough=]
[INFO] [stderr] warning: 70521 |           if( pOp->p2!=0 ) p->readOnly = 0;
[INFO] [stderr] warning:       |             ^
[INFO] [stderr] warning: vendor/sqlite3/sqlite3.c:70524:9: note: here
[INFO] [stderr] warning: 70524 |         case OP_AutoCommit:
[INFO] [stderr] warning:       |         ^~~~
[INFO] [stderr] warning: vendor/sqlite3/sqlite3.c: In function 'freeP4':
[INFO] [stderr] warning: vendor/sqlite3/sqlite3.c:70755:7: warning: this statement may fall through [-Wimplicit-fallthrough=]
[INFO] [stderr] warning: 70755 |       freeEphemeralFunction(db, ((sqlite3_context*)p4)->pFunc);
[INFO] [stderr] warning:       |       ^~~~~~~~~~~~~~~~~~~~~~~~~~~~~~~~~~~~~~~~~~~~~~~~~~~~~~~~
[INFO] [stderr] warning: vendor/sqlite3/sqlite3.c:70758:5: note: here
[INFO] [stderr] warning: 70758 |     case P4_REAL:
[INFO] [stderr] warning:       |     ^~~~
[INFO] [stderr] warning: vendor/sqlite3/sqlite3.c: In function 'sqlite3VdbeExec':
[INFO] [stderr] warning: vendor/sqlite3/sqlite3.c:77592:5: warning: this statement may fall through [-Wimplicit-fallthrough=]
[INFO] [stderr] warning: 77592 |   if( (pIn3->flags & MEM_Null)==0 ) break;
[INFO] [stderr] warning:       |     ^
[INFO] [stderr] warning: vendor/sqlite3/sqlite3.c:77626:1: note: here
[INFO] [stderr] warning: 77626 | case OP_Halt: {
[INFO] [stderr] warning:       | ^~~~
[INFO] [stderr] warning: vendor/sqlite3/sqlite3.c:77757:5: warning: this statement may fall through [-Wimplicit-fallthrough=]
[INFO] [stderr] warning: 77757 |   if( pOp->p1>db->aLimit[SQLITE_LIMIT_LENGTH] ){
[INFO] [stderr] warning:       |     ^
[INFO] [stderr] warning: vendor/sqlite3/sqlite3.c:77776:1: note: here
[INFO] [stderr] warning: 77776 | case OP_String: {          /* out2 */
[INFO] [stderr] warning:       | ^~~~
[INFO] [stderr] warning: vendor/sqlite3/sqlite3.c:78325:15: warning: this statement may fall through [-Wimplicit-fallthrough=]
[INFO] [stderr] warning: 78325 |   pOp->opcode = OP_Function;
[INFO] [stderr] warning:       |               ^
[INFO] [stderr] warning: vendor/sqlite3/sqlite3.c:78328:1: note: here
[INFO] [stderr] warning: 78328 | case OP_Function: {
[INFO] [stderr] warning:       | ^~~~
[INFO] [stderr] warning: vendor/sqlite3/sqlite3.c:81463:38: warning: this statement may fall through [-Wimplicit-fallthrough=]
[INFO] [stderr] warning: 81463 |   p->aCounter[SQLITE_STMTSTATUS_SORT]++;
[INFO] [stderr] warning:       |   ~~~~~~~~~~~~~~~~~~~~~~~~~~~~~~~~~~~^~
[INFO] [stderr] warning: vendor/sqlite3/sqlite3.c:81478:1: note: here
[INFO] [stderr] warning: 81478 | case OP_Rewind: {        /* jump */
[INFO] [stderr] warning:       | ^~~~
[INFO] [stderr] warning: vendor/sqlite3/sqlite3.c:82691:15: warning: this statement may fall through [-Wimplicit-fallthrough=]
[INFO] [stderr] warning: 82691 |   pOp->opcode = OP_AggStep;
[INFO] [stderr] warning:       |               ^
[INFO] [stderr] warning: vendor/sqlite3/sqlite3.c:82694:1: note: here
[INFO] [stderr] warning: 82694 | case OP_AggStep: {
[INFO] [stderr] warning:       | ^~~~
[INFO] [stderr] warning: vendor/sqlite3/sqlite3.c: In function 'sqlite3ExprCodeTarget':
[INFO] [stderr] warning: vendor/sqlite3/sqlite3.c:91658:25: warning: this statement may fall through [-Wimplicit-fallthrough=]
[INFO] [stderr] warning: 91658 |     case TK_AGG_COLUMN: {
[INFO] [stderr] warning:       |                         ^
[INFO] [stderr] warning: vendor/sqlite3/sqlite3.c:91672:5: note: here
[INFO] [stderr] warning: 91672 |     case TK_COLUMN: {
[INFO] [stderr] warning:       |     ^~~~
[INFO] [stderr] warning: vendor/sqlite3/sqlite3.c: In function 'fkActionTrigger':
[INFO] [stderr] warning: vendor/sqlite3/sqlite3.c:105771:11: warning: this statement may fall through [-Wimplicit-fallthrough=]
[INFO] [stderr] warning: 105771 |         if( !pChanges ){
[INFO] [stderr] warning:        |           ^
[INFO] [stderr] warning: vendor/sqlite3/sqlite3.c:105775:7: note: here
[INFO] [stderr] warning: 105775 |       default:
[INFO] [stderr] warning:        |       ^~~~~~~
[INFO] [stderr] warning: vendor/sqlite3/sqlite3.c: In function 'sqlite3GenerateConstraintChecks':
[INFO] [stderr] warning: vendor/sqlite3/sqlite3.c:107258:17: warning: this statement may fall through [-Wimplicit-fallthrough=]
[INFO] [stderr] warning: 107258 |         onError = OE_Abort;
[INFO] [stderr] warning:        |                 ^
[INFO] [stderr] warning: vendor/sqlite3/sqlite3.c:107261:7: note: here
[INFO] [stderr] warning: 107261 |       case OE_Rollback:
[INFO] [stderr] warning:        |       ^~~~
[INFO] [stderr] warning: vendor/sqlite3/sqlite3.c: In function 'sqlite3GetToken':
[INFO] [stderr] warning: vendor/sqlite3/sqlite3.c:135002:9: warning: this statement may fall through [-Wimplicit-fallthrough=]
[INFO] [stderr] warning: 135002 |       if( !sqlite3Isdigit(z[1]) )
[INFO] [stderr] warning:        |         ^
[INFO] [stderr] warning: vendor/sqlite3/sqlite3.c:135011:5: note: here
[INFO] [stderr] warning: 135011 |     case CC_DIGIT: {
[INFO] [stderr] warning:        |     ^~~~
[INFO] [stderr] warning: vendor/sqlite3/sqlite3.c:135101:9: warning: this statement may fall through [-Wimplicit-fallthrough=]
[INFO] [stderr] warning: 135101 |       if( z[1]=='\'' ){
[INFO] [stderr] warning:        |         ^
[INFO] [stderr] warning: vendor/sqlite3/sqlite3.c:135115:5: note: here
[INFO] [stderr] warning: 135115 |     case CC_ID: {
[INFO] [stderr] warning:        |     ^~~~
[INFO] [stderr] 
[INFO] [stderr] error: build failed
[INFO] running `Command { std: "docker" "inspect" "d525c7d098989cfcbdbff3395d1c6f505e64ec7aa6e36627bf1392a2fd3e9d25", kill_on_drop: false }`
[INFO] running `Command { std: "docker" "rm" "-f" "d525c7d098989cfcbdbff3395d1c6f505e64ec7aa6e36627bf1392a2fd3e9d25", kill_on_drop: false }`
[INFO] [stdout] d525c7d098989cfcbdbff3395d1c6f505e64ec7aa6e36627bf1392a2fd3e9d25
